{"id":6244,"date":"2023-07-21T12:20:10","date_gmt":"2023-07-21T10:20:10","guid":{"rendered":"https:\/\/buh-jesberg.de\/?page_id=6244"},"modified":"2023-08-08T10:31:00","modified_gmt":"2023-08-08T08:31:00","slug":"burgfest-01-bis-02-07-2023","status":"publish","type":"page","link":"https:\/\/buh-jesberg.de\/index.php\/burgfest-01-bis-02-07-2023\/","title":{"rendered":"Burgfest 01. bis 02.07.2023"},"content":{"rendered":"\t\t<div data-elementor-type=\"wp-page\" data-elementor-id=\"6244\" class=\"elementor elementor-6244\" data-elementor-post-type=\"page\">\n\t\t\t\t\t\t<section class=\"elementor-section elementor-top-section elementor-element elementor-element-d3cf211 elementor-section-boxed elementor-section-height-default elementor-section-height-default\" data-id=\"d3cf211\" data-element_type=\"section\" data-e-type=\"section\">\n\t\t\t\t\t\t<div class=\"elementor-container elementor-column-gap-default\">\n\t\t\t\t\t<div class=\"elementor-column elementor-col-100 elementor-top-column elementor-element elementor-element-8021791\" data-id=\"8021791\" data-element_type=\"column\" data-e-type=\"column\">\n\t\t\t<div class=\"elementor-widget-wrap elementor-element-populated\">\n\t\t\t\t\t\t<div class=\"elementor-element elementor-element-79efe27 elementor-widget elementor-widget-heading\" data-id=\"79efe27\" data-element_type=\"widget\" data-e-type=\"widget\" data-widget_type=\"heading.default\">\n\t\t\t\t<div class=\"elementor-widget-container\">\n\t\t\t\t\t<h2 class=\"elementor-heading-title elementor-size-default\">Burgfest der Gemeinde Jesberg<\/h2>\t\t\t\t<\/div>\n\t\t\t\t<\/div>\n\t\t\t\t\t<\/div>\n\t\t<\/div>\n\t\t\t\t\t<\/div>\n\t\t<\/section>\n\t\t\t\t<section class=\"elementor-section elementor-top-section elementor-element elementor-element-516d178 elementor-section-boxed elementor-section-height-default elementor-section-height-default\" data-id=\"516d178\" data-element_type=\"section\" data-e-type=\"section\">\n\t\t\t\t\t\t<div class=\"elementor-container elementor-column-gap-default\">\n\t\t\t\t\t<div class=\"elementor-column elementor-col-100 elementor-top-column elementor-element elementor-element-0d923dc\" data-id=\"0d923dc\" data-element_type=\"column\" data-e-type=\"column\">\n\t\t\t<div class=\"elementor-widget-wrap elementor-element-populated\">\n\t\t\t\t\t\t<div class=\"elementor-element elementor-element-37b66b8 elementor-widget__width-initial elementor-widget elementor-widget-text-editor\" data-id=\"37b66b8\" data-element_type=\"widget\" data-e-type=\"widget\" data-widget_type=\"text-editor.default\">\n\t\t\t\t<div class=\"elementor-widget-container\">\n\t\t\t\t\t\t\t\t\t<figure id=\"attachment_6252\" aria-describedby=\"caption-attachment-6252\" style=\"width: 300px\" class=\"wp-caption alignleft\"><img fetchpriority=\"high\" decoding=\"async\" class=\"size-medium wp-image-6252\" src=\"https:\/\/buh-jesberg.de\/wp-content\/uploads\/2023\/07\/01-300x178.png\" alt=\"Heiko Manz begr\u00fc\u00dft die Besucher Burgfest und die Steven Stealer Band \" width=\"300\" height=\"178\" srcset=\"https:\/\/buh-jesberg.de\/wp-content\/uploads\/2023\/07\/01-300x178.png 300w, https:\/\/buh-jesberg.de\/wp-content\/uploads\/2023\/07\/01.png 421w\" sizes=\"(max-width: 300px) 100vw, 300px\" \/><figcaption id=\"caption-attachment-6252\" class=\"wp-caption-text\">Heiko Manz begr\u00fc\u00dft die Besucher Burgfest und die Steven Stealer Band<\/figcaption><\/figure><p>Am Samstag, dem 01.07.2023, er\u00f6ffnete B\u00fcrgermeister Heiko Manz um 20:00 Uhr das Burgfest. Nach der Begr\u00fc\u00dfung der Besucher und Vorstellung der Band spielte die <a href=\"https:\/\/youtu.be\/pkk4Vqg-PAU\" target=\"_blank\" rel=\"noopener\">Steven Stealer Band<\/a> Rockmusik aus den 80ziger und 90ziger Jahren. Die Musik, die fast allen Besuchern bekannt war, kam sehr gut an.<\/p><figure id=\"attachment_6253\" aria-describedby=\"caption-attachment-6253\" style=\"width: 300px\" class=\"wp-caption alignright\"><img decoding=\"async\" class=\"size-medium wp-image-6253\" src=\"https:\/\/buh-jesberg.de\/wp-content\/uploads\/2023\/07\/02-300x169.png\" alt=\"Steven Stealer Band und Tanzbegeisterte Besucher\" width=\"300\" height=\"169\" srcset=\"https:\/\/buh-jesberg.de\/wp-content\/uploads\/2023\/07\/02-300x169.png 300w, https:\/\/buh-jesberg.de\/wp-content\/uploads\/2023\/07\/02.png 411w\" sizes=\"(max-width: 300px) 100vw, 300px\" \/><figcaption id=\"caption-attachment-6253\" class=\"wp-caption-text\">Steven Stealer Band und tanzbegeisterte Besucher<\/figcaption><\/figure><p>Die Stimmung war grandios und der Bereich vor dem Pavillon wurde zur Tanzfl\u00e4che. Gegen 23:30 Uhr war dann das Konzert nach drei Zugaben leider zu Ende.<\/p><p>Am Sonntag, dem 02.07.2023, begann das Burgfest mit einem \u00f6kumenischen Gottesdienst. Den Gottesdienst gestaltete Pfarrer Keller. Begleitet wurde der Gottesdienst von den Posaunench\u00f6ren Elnrode-Strang und Densberg.<\/p><figure id=\"attachment_6254\" aria-describedby=\"caption-attachment-6254\" style=\"width: 132px\" class=\"wp-caption alignleft\"><img decoding=\"async\" class=\"size-full wp-image-6254\" src=\"https:\/\/buh-jesberg.de\/wp-content\/uploads\/2023\/07\/03.png\" alt=\"B\u00fcrgermeister Heiko Manz\" width=\"132\" height=\"288\" \/><figcaption id=\"caption-attachment-6254\" class=\"wp-caption-text\">B\u00fcrgermeister<br \/>Heiko Manz<\/figcaption><\/figure><p>Nach dem Gottesdienst begr\u00fc\u00dfte um 11:00 Uhr B\u00fcrgermeister Heiko Manz die Besucher und das bunte Markttreiben konnte beginnen.<\/p><figure id=\"attachment_6255\" aria-describedby=\"caption-attachment-6255\" style=\"width: 300px\" class=\"wp-caption alignright\"><img loading=\"lazy\" decoding=\"async\" class=\"size-medium wp-image-6255\" src=\"https:\/\/buh-jesberg.de\/wp-content\/uploads\/2023\/07\/04-300x169.jpg\" alt=\"Der Festplatz\" width=\"300\" height=\"169\" srcset=\"https:\/\/buh-jesberg.de\/wp-content\/uploads\/2023\/07\/04-300x169.jpg 300w, https:\/\/buh-jesberg.de\/wp-content\/uploads\/2023\/07\/04.jpg 533w\" sizes=\"(max-width: 300px) 100vw, 300px\" \/><figcaption id=\"caption-attachment-6255\" class=\"wp-caption-text\">Der Festplatz<\/figcaption><\/figure><p style=\"text-align: left;\">Die Aussteller boten den Besucher viel Interessantes. Das Angebot umfasste Infost\u00e4nde, Kunsthandwerk, Essen und Trinken. Die \u00f6rtlichen Vereine waren nat\u00fcrlich auch mit St\u00e4nden vertreten. So bot u.a. der Burg- und Heimatverein die Weintaverne an, die Freiwillige Feuerwehr war verantwortlich den Durst zu l\u00f6schen und der F\u00f6rderverein Kellerwald-Schwimmbad pr\u00e4sentierte seine Arbeit.<\/p><p>\u00a0<\/p><p>\u00a0<\/p><p>\u00a0<\/p><p>\u00a0<\/p><p>\u00a0<\/p><figure id=\"attachment_6260\" aria-describedby=\"caption-attachment-6260\" style=\"width: 234px\" class=\"wp-caption alignleft\"><img loading=\"lazy\" decoding=\"async\" class=\"size-full wp-image-6260\" src=\"https:\/\/buh-jesberg.de\/wp-content\/uploads\/2023\/07\/09.jpg\" alt=\"Noemi de SwArt, Christopher Scheld\" width=\"234\" height=\"200\" \/><figcaption id=\"caption-attachment-6260\" class=\"wp-caption-text\">Noemi de SwArt, Christopher Scheld<\/figcaption><\/figure><p>Frau Noemi de SwArt und ihr Gesangspartner Christopher Scheld erz\u00e4hlten\u00a0gesanglich eine Geschichte aus dem Leben einer Prinzessin.<\/p><figure id=\"attachment_6257\" aria-describedby=\"caption-attachment-6257\" style=\"width: 300px\" class=\"wp-caption alignright\"><img loading=\"lazy\" decoding=\"async\" class=\"size-medium wp-image-6257\" src=\"https:\/\/buh-jesberg.de\/wp-content\/uploads\/2023\/07\/06-300x169.jpg\" alt=\"Pr\u00e4mierung der Geschichtenwettbewerb\" width=\"300\" height=\"169\" srcset=\"https:\/\/buh-jesberg.de\/wp-content\/uploads\/2023\/07\/06-300x169.jpg 300w, https:\/\/buh-jesberg.de\/wp-content\/uploads\/2023\/07\/06.jpg 356w\" sizes=\"(max-width: 300px) 100vw, 300px\" \/><figcaption id=\"caption-attachment-6257\" class=\"wp-caption-text\">Pr\u00e4mierung der Geschichtenwettbewerb<\/figcaption><\/figure><p>Anschlie\u00dfend wurden M\u00e4rchen vom M\u00e4rchenkoch pr\u00e4sentiert und die besten Geschichten aus dem Geschichtenwett bewerb pr\u00e4miert.<\/p><p>Die Gewinner waren Kalle Kirschner (2.Klasse) und Muriel Zinn (4.Klasse).<\/p><p>\u00a0<\/p><p>\u00a0<\/p><p>\u00a0<\/p><p>\u00a0<\/p><figure id=\"attachment_6256\" aria-describedby=\"caption-attachment-6256\" style=\"width: 300px\" class=\"wp-caption alignleft\"><img loading=\"lazy\" decoding=\"async\" class=\"size-medium wp-image-6256\" src=\"https:\/\/buh-jesberg.de\/wp-content\/uploads\/2023\/07\/05-300x169.jpg\" alt=\"2. und 3. Klasse der Kellerwaldschule\" width=\"300\" height=\"169\" srcset=\"https:\/\/buh-jesberg.de\/wp-content\/uploads\/2023\/07\/05-300x169.jpg 300w, https:\/\/buh-jesberg.de\/wp-content\/uploads\/2023\/07\/05.jpg 356w\" sizes=\"(max-width: 300px) 100vw, 300px\" \/><figcaption id=\"caption-attachment-6256\" class=\"wp-caption-text\">2. und 3. Klasse der Kellerwaldschule<\/figcaption><\/figure><p>Die 2. und 3. Klasse der Kellerwaldschule f\u00fchrten Gesang und einen Body- Percussion-Tanz auf. Auch die Kinder des Kindergartens Hand in Hand f\u00fchrten das Singspiel &#8222;Die kleine Raupe Nimmersatt&#8220; auf.<\/p><p>\u00a0<\/p><p>\u00a0<\/p><p>\u00a0<\/p><p>\u00a0<\/p><p>\u00a0<\/p><figure id=\"attachment_6258\" aria-describedby=\"caption-attachment-6258\" style=\"width: 169px\" class=\"wp-caption alignleft\"><img loading=\"lazy\" decoding=\"async\" class=\"size-medium wp-image-6258\" src=\"https:\/\/buh-jesberg.de\/wp-content\/uploads\/2023\/07\/07-169x300.jpg\" alt=\"Frau Bannenberg und Herr England\" width=\"169\" height=\"300\" srcset=\"https:\/\/buh-jesberg.de\/wp-content\/uploads\/2023\/07\/07-169x300.jpg 169w, https:\/\/buh-jesberg.de\/wp-content\/uploads\/2023\/07\/07.jpg 250w\" sizes=\"(max-width: 169px) 100vw, 169px\" \/><figcaption id=\"caption-attachment-6258\" class=\"wp-caption-text\">Frau Bannenberg und Herr England<\/figcaption><\/figure><p>Frau Bannenberg \u00fcbernahm die Einleitung in die Geschichte von Jesberg. Einen Teil der Geschichte wurde vom Burg- und Heimatverein in einem kleinen Theaterst\u00fcck vorgestellt. Dazu z\u00e4hlte die Ersterw\u00e4hnung von Jesberg, die urkundlich im Jahr 1241<\/p><figure id=\"attachment_6261\" aria-describedby=\"caption-attachment-6261\" style=\"width: 257px\" class=\"wp-caption alignright\"><img loading=\"lazy\" decoding=\"async\" class=\"size-full wp-image-6261\" src=\"https:\/\/buh-jesberg.de\/wp-content\/uploads\/2023\/07\/10.jpg\" alt=\"Pfarrer Reinhard Keller, Noemi de SwArt, Harald England\" width=\"257\" height=\"200\" \/><figcaption id=\"caption-attachment-6261\" class=\"wp-caption-text\">Pfarrer Reinhard Keller, Noemi de SwArt, Harald England<\/figcaption><\/figure><p>durch die \u00dcbergabe der Burg an den Mainzer Erzbischof dokumentiert ist. Die Szene wurde von Noemi de SwArt, Reinhard Keller und Harald England gespielt. Die \u00dcbernachtung der Br\u00fcder Grimm in Jesberg wurde von Loris Hansel und Marlon Hofst\u00e4tter gespielt. Die Zeitkapsel, die Gegenst\u00e4nde aus dem Jahr 2023 beinhaltet, wurde an einen geheimen Ort auf dem Burggel\u00e4nde vergraben. Somit ist der Nachwelt auch haptisch das Jahr 2023 bekannt.<\/p><p>\u00a0<\/p><p>\u00a0<\/p><p>\u00a0<\/p><p>\u00a0<\/p><p>\u00a0<\/p><p>Der Nachmittag wurde dann durch die Auftritte des Frauenchors MGV Densberg, die <a href=\"https:\/\/youtu.be\/KTifpvlh1rA\" target=\"_blank\" rel=\"noopener\">Schwalmstadt Warriors mit Cheerleader<\/a> und den <a href=\"https:\/\/youtu.be\/DcLlF3QWHDE\" target=\"_blank\" rel=\"noopener\">Mini-Mites<\/a>, dem MGV Densberg und Hundshausen und den Lucky Frinds of Line Dance gestaltet.<\/p><figure id=\"attachment_6259\" aria-describedby=\"caption-attachment-6259\" style=\"width: 300px\" class=\"wp-caption alignright\"><img loading=\"lazy\" decoding=\"async\" class=\"size-medium wp-image-6259\" src=\"https:\/\/buh-jesberg.de\/wp-content\/uploads\/2023\/07\/08-300x169.jpg\" alt=\"Prinz Maximilian mit seiner Familie\" width=\"300\" height=\"169\" srcset=\"https:\/\/buh-jesberg.de\/wp-content\/uploads\/2023\/07\/08-300x169.jpg 300w, https:\/\/buh-jesberg.de\/wp-content\/uploads\/2023\/07\/08.jpg 356w\" sizes=\"(max-width: 300px) 100vw, 300px\" \/><figcaption id=\"caption-attachment-6259\" class=\"wp-caption-text\">Prinz Maximilian mit seiner Familie<\/figcaption><\/figure><p>Die \u00dcbergabe der Jesberger G\u00fcter, vom Landgrafen Karl von Hessen-Kassel an seinen Sohn Maximilian, wurde aufgef\u00fchrt. In der scherzhaften Darbietung wurde gezeigt, wie es zum Bau des Jesberger Schlosses und den Prinzessinnengarten kam. Alle Darsteller hatten gro\u00dfen Spa\u00df bei der Auff\u00fchrung.<br \/>Die Schauspieler sind v. l. Heiko Manz, Zoe-Fee Roth, Madita Ehrenfried, Nele Winter, Charlotte Bannenberg und Joline Kufeld.<\/p><figure id=\"attachment_6262\" aria-describedby=\"caption-attachment-6262\" style=\"width: 282px\" class=\"wp-caption alignleft\"><img loading=\"lazy\" decoding=\"async\" class=\"size-full wp-image-6262\" src=\"https:\/\/buh-jesberg.de\/wp-content\/uploads\/2023\/07\/11.jpg\" alt=\"Pr\u00e4mierung des sch\u00f6nsten Kost\u00fcms, Sophia Mayr\" width=\"282\" height=\"200\" \/><figcaption id=\"caption-attachment-6262\" class=\"wp-caption-text\">Pr\u00e4mierung des sch\u00f6nsten Kost\u00fcms, Sophia Mayr<\/figcaption><\/figure><p>Gegen 16:20 Uhr wurde dann das beste Prinzessinnen Kost\u00fcm pr\u00e4miert. Das sch\u00f6nste Kost\u00fcm hatte Sophia Mayr.<\/p><p>\u00a0<\/p><p>\u00a0<\/p><figure id=\"attachment_6266\" aria-describedby=\"caption-attachment-6266\" style=\"width: 300px\" class=\"wp-caption alignright\"><img loading=\"lazy\" decoding=\"async\" class=\"size-medium wp-image-6266\" src=\"https:\/\/buh-jesberg.de\/wp-content\/uploads\/2023\/07\/12-300x169.jpg\" alt=\"Erst\u00fcrmung der Burg\" width=\"300\" height=\"169\" srcset=\"https:\/\/buh-jesberg.de\/wp-content\/uploads\/2023\/07\/12-300x169.jpg 300w, https:\/\/buh-jesberg.de\/wp-content\/uploads\/2023\/07\/12.jpg 356w\" sizes=\"(max-width: 300px) 100vw, 300px\" \/><figcaption id=\"caption-attachment-6266\" class=\"wp-caption-text\">Erst\u00fcrmung der Burg<\/figcaption><\/figure><p>\u00a0<\/p><p>\u00a0<\/p><p>\u00a0<\/p><p>\u00a0<\/p><p>Anschlie\u00dfend wurde die Burg von den Kindern gest\u00fcrmt. Die Verteidigung der Burg wurde von den V\u00e4tern \u00fcbernommen.<\/p><p>Durch das Programm f\u00fchrte B\u00fcrgermeister Heiko Manz in einem Kost\u00fcm aus der Zeit des Prinzen Maximilian.<\/p><p>Nach den vielen Programmpunkten sa\u00dfen die Besucher gem\u00fctlich bei einem Glas Wein oder einem Glas Bier zusammen. Wer noch Hunger hatte, konnte Bratwurst, Steak oder auch belegte Brote mit Ahler Wurst oder Schmalz essen.<\/p><p>Das Fest war, bei gutem Wetter, f\u00fcr alle ein toller Erfolg.<\/p><p>Die Gemeinde und der Burg- und Heimatverein bedanken sich bei allen Teilnehmenden und den Besuchern f\u00fcr die gelungenen Tage.<\/p><p>Hier geht es zu <a href=\"https:\/\/buh-jesberg.de\/index.php\/bilder-burgfest-2023\/\">Bildern<\/a>!<\/p>\t\t\t\t\t\t\t\t<\/div>\n\t\t\t\t<\/div>\n\t\t\t\t\t<\/div>\n\t\t<\/div>\n\t\t\t\t\t<\/div>\n\t\t<\/section>\n\t\t\t\t<\/div>\n\t\t","protected":false},"excerpt":{"rendered":"<p>Burgfest der Gemeinde Jesberg Am Samstag, dem 01.07.2023, er\u00f6ffnete B\u00fcrgermeister Heiko Manz um 20:00 Uhr das Burgfest. Nach der Begr\u00fc\u00dfung der Besucher und Vorstellung der Band spielte die Steven Stealer [&hellip;]<\/p>\n","protected":false},"author":2,"featured_media":0,"parent":0,"menu_order":0,"comment_status":"closed","ping_status":"closed","template":"","meta":{"_monsterinsights_skip_tracking":false,"_monsterinsights_sitenote_active":false,"_monsterinsights_sitenote_note":"","_monsterinsights_sitenote_category":0,"footnotes":""},"class_list":["post-6244","page","type-page","status-publish","hentry"],"yoast_head":"<!-- This site is optimized with the Yoast SEO plugin v27.5 - https:\/\/yoast.com\/product\/yoast-seo-wordpress\/ -->\n<title>Burgfest 01. bis 02.07.2023 - Burg und Heimatverein Jesberg e.V.<\/title>\n<meta name=\"robots\" content=\"index, follow, max-snippet:-1, max-image-preview:large, max-video-preview:-1\" \/>\n<link rel=\"canonical\" href=\"https:\/\/buh-jesberg.de\/index.php\/burgfest-01-bis-02-07-2023\/\" \/>\n<meta property=\"og:locale\" content=\"de_DE\" \/>\n<meta property=\"og:type\" content=\"article\" \/>\n<meta property=\"og:title\" content=\"Burgfest 01. bis 02.07.2023 - Burg und Heimatverein Jesberg e.V.\" \/>\n<meta property=\"og:description\" content=\"Burgfest der Gemeinde Jesberg Am Samstag, dem 01.07.2023, er\u00f6ffnete B\u00fcrgermeister Heiko Manz um 20:00 Uhr das Burgfest. Nach der Begr\u00fc\u00dfung der Besucher und Vorstellung der Band spielte die Steven Stealer [&hellip;]\" \/>\n<meta property=\"og:url\" content=\"https:\/\/buh-jesberg.de\/index.php\/burgfest-01-bis-02-07-2023\/\" \/>\n<meta property=\"og:site_name\" content=\"Burg und Heimatverein Jesberg e.V.\" \/>\n<meta property=\"article:modified_time\" content=\"2023-08-08T08:31:00+00:00\" \/>\n<meta property=\"og:image\" content=\"https:\/\/buh-jesberg.de\/wp-content\/uploads\/2023\/07\/01-300x178.png\" \/>\n<meta name=\"twitter:card\" content=\"summary_large_image\" \/>\n<meta name=\"twitter:label1\" content=\"Gesch\u00e4tzte Lesezeit\" \/>\n\t<meta name=\"twitter:data1\" content=\"7\u00a0Minuten\" \/>\n<script type=\"application\/ld+json\" class=\"yoast-schema-graph\">{\"@context\":\"https:\\\/\\\/schema.org\",\"@graph\":[{\"@type\":\"WebPage\",\"@id\":\"https:\\\/\\\/buh-jesberg.de\\\/index.php\\\/burgfest-01-bis-02-07-2023\\\/\",\"url\":\"https:\\\/\\\/buh-jesberg.de\\\/index.php\\\/burgfest-01-bis-02-07-2023\\\/\",\"name\":\"Burgfest 01. bis 02.07.2023 - Burg und Heimatverein Jesberg e.V.\",\"isPartOf\":{\"@id\":\"https:\\\/\\\/buh-jesberg.de\\\/#website\"},\"primaryImageOfPage\":{\"@id\":\"https:\\\/\\\/buh-jesberg.de\\\/index.php\\\/burgfest-01-bis-02-07-2023\\\/#primaryimage\"},\"image\":{\"@id\":\"https:\\\/\\\/buh-jesberg.de\\\/index.php\\\/burgfest-01-bis-02-07-2023\\\/#primaryimage\"},\"thumbnailUrl\":\"https:\\\/\\\/buh-jesberg.de\\\/wp-content\\\/uploads\\\/2023\\\/07\\\/01-300x178.png\",\"datePublished\":\"2023-07-21T10:20:10+00:00\",\"dateModified\":\"2023-08-08T08:31:00+00:00\",\"breadcrumb\":{\"@id\":\"https:\\\/\\\/buh-jesberg.de\\\/index.php\\\/burgfest-01-bis-02-07-2023\\\/#breadcrumb\"},\"inLanguage\":\"de\",\"potentialAction\":[{\"@type\":\"ReadAction\",\"target\":[\"https:\\\/\\\/buh-jesberg.de\\\/index.php\\\/burgfest-01-bis-02-07-2023\\\/\"]}]},{\"@type\":\"ImageObject\",\"inLanguage\":\"de\",\"@id\":\"https:\\\/\\\/buh-jesberg.de\\\/index.php\\\/burgfest-01-bis-02-07-2023\\\/#primaryimage\",\"url\":\"https:\\\/\\\/buh-jesberg.de\\\/wp-content\\\/uploads\\\/2023\\\/07\\\/01.png\",\"contentUrl\":\"https:\\\/\\\/buh-jesberg.de\\\/wp-content\\\/uploads\\\/2023\\\/07\\\/01.png\",\"width\":421,\"height\":250,\"caption\":\"Heiko Manz begr\u00fc\u00dft die Besucher Burgfest und die Steven Stealer Band\"},{\"@type\":\"BreadcrumbList\",\"@id\":\"https:\\\/\\\/buh-jesberg.de\\\/index.php\\\/burgfest-01-bis-02-07-2023\\\/#breadcrumb\",\"itemListElement\":[{\"@type\":\"ListItem\",\"position\":1,\"name\":\"Startseite\",\"item\":\"https:\\\/\\\/buh-jesberg.de\\\/\"},{\"@type\":\"ListItem\",\"position\":2,\"name\":\"Burgfest 01. bis 02.07.2023\"}]},{\"@type\":\"WebSite\",\"@id\":\"https:\\\/\\\/buh-jesberg.de\\\/#website\",\"url\":\"https:\\\/\\\/buh-jesberg.de\\\/\",\"name\":\"Burg und Heimatverein Jesberg e.V.\",\"description\":\"Gemeinn\u00fctziger Verein in Jesberg\",\"publisher\":{\"@id\":\"https:\\\/\\\/buh-jesberg.de\\\/#organization\"},\"potentialAction\":[{\"@type\":\"SearchAction\",\"target\":{\"@type\":\"EntryPoint\",\"urlTemplate\":\"https:\\\/\\\/buh-jesberg.de\\\/?s={search_term_string}\"},\"query-input\":{\"@type\":\"PropertyValueSpecification\",\"valueRequired\":true,\"valueName\":\"search_term_string\"}}],\"inLanguage\":\"de\"},{\"@type\":\"Organization\",\"@id\":\"https:\\\/\\\/buh-jesberg.de\\\/#organization\",\"name\":\"Burg und Heimatverein Jesberg e.V.\",\"url\":\"https:\\\/\\\/buh-jesberg.de\\\/\",\"logo\":{\"@type\":\"ImageObject\",\"inLanguage\":\"de\",\"@id\":\"https:\\\/\\\/buh-jesberg.de\\\/#\\\/schema\\\/logo\\\/image\\\/\",\"url\":\"https:\\\/\\\/buh-jesberg.de\\\/wp-content\\\/uploads\\\/2023\\\/01\\\/Website_Logo-e1674580236324.jpg\",\"contentUrl\":\"https:\\\/\\\/buh-jesberg.de\\\/wp-content\\\/uploads\\\/2023\\\/01\\\/Website_Logo-e1674580236324.jpg\",\"width\":500,\"height\":501,\"caption\":\"Burg und Heimatverein Jesberg e.V.\"},\"image\":{\"@id\":\"https:\\\/\\\/buh-jesberg.de\\\/#\\\/schema\\\/logo\\\/image\\\/\"}}]}<\/script>\n<!-- \/ Yoast SEO plugin. -->","yoast_head_json":{"title":"Burgfest 01. bis 02.07.2023 - Burg und Heimatverein Jesberg e.V.","robots":{"index":"index","follow":"follow","max-snippet":"max-snippet:-1","max-image-preview":"max-image-preview:large","max-video-preview":"max-video-preview:-1"},"canonical":"https:\/\/buh-jesberg.de\/index.php\/burgfest-01-bis-02-07-2023\/","og_locale":"de_DE","og_type":"article","og_title":"Burgfest 01. bis 02.07.2023 - Burg und Heimatverein Jesberg e.V.","og_description":"Burgfest der Gemeinde Jesberg Am Samstag, dem 01.07.2023, er\u00f6ffnete B\u00fcrgermeister Heiko Manz um 20:00 Uhr das Burgfest. Nach der Begr\u00fc\u00dfung der Besucher und Vorstellung der Band spielte die Steven Stealer [&hellip;]","og_url":"https:\/\/buh-jesberg.de\/index.php\/burgfest-01-bis-02-07-2023\/","og_site_name":"Burg und Heimatverein Jesberg e.V.","article_modified_time":"2023-08-08T08:31:00+00:00","og_image":[{"url":"https:\/\/buh-jesberg.de\/wp-content\/uploads\/2023\/07\/01-300x178.png","type":"","width":"","height":""}],"twitter_card":"summary_large_image","twitter_misc":{"Gesch\u00e4tzte Lesezeit":"7\u00a0Minuten"},"schema":{"@context":"https:\/\/schema.org","@graph":[{"@type":"WebPage","@id":"https:\/\/buh-jesberg.de\/index.php\/burgfest-01-bis-02-07-2023\/","url":"https:\/\/buh-jesberg.de\/index.php\/burgfest-01-bis-02-07-2023\/","name":"Burgfest 01. bis 02.07.2023 - Burg und Heimatverein Jesberg e.V.","isPartOf":{"@id":"https:\/\/buh-jesberg.de\/#website"},"primaryImageOfPage":{"@id":"https:\/\/buh-jesberg.de\/index.php\/burgfest-01-bis-02-07-2023\/#primaryimage"},"image":{"@id":"https:\/\/buh-jesberg.de\/index.php\/burgfest-01-bis-02-07-2023\/#primaryimage"},"thumbnailUrl":"https:\/\/buh-jesberg.de\/wp-content\/uploads\/2023\/07\/01-300x178.png","datePublished":"2023-07-21T10:20:10+00:00","dateModified":"2023-08-08T08:31:00+00:00","breadcrumb":{"@id":"https:\/\/buh-jesberg.de\/index.php\/burgfest-01-bis-02-07-2023\/#breadcrumb"},"inLanguage":"de","potentialAction":[{"@type":"ReadAction","target":["https:\/\/buh-jesberg.de\/index.php\/burgfest-01-bis-02-07-2023\/"]}]},{"@type":"ImageObject","inLanguage":"de","@id":"https:\/\/buh-jesberg.de\/index.php\/burgfest-01-bis-02-07-2023\/#primaryimage","url":"https:\/\/buh-jesberg.de\/wp-content\/uploads\/2023\/07\/01.png","contentUrl":"https:\/\/buh-jesberg.de\/wp-content\/uploads\/2023\/07\/01.png","width":421,"height":250,"caption":"Heiko Manz begr\u00fc\u00dft die Besucher Burgfest und die Steven Stealer Band"},{"@type":"BreadcrumbList","@id":"https:\/\/buh-jesberg.de\/index.php\/burgfest-01-bis-02-07-2023\/#breadcrumb","itemListElement":[{"@type":"ListItem","position":1,"name":"Startseite","item":"https:\/\/buh-jesberg.de\/"},{"@type":"ListItem","position":2,"name":"Burgfest 01. bis 02.07.2023"}]},{"@type":"WebSite","@id":"https:\/\/buh-jesberg.de\/#website","url":"https:\/\/buh-jesberg.de\/","name":"Burg und Heimatverein Jesberg e.V.","description":"Gemeinn\u00fctziger Verein in Jesberg","publisher":{"@id":"https:\/\/buh-jesberg.de\/#organization"},"potentialAction":[{"@type":"SearchAction","target":{"@type":"EntryPoint","urlTemplate":"https:\/\/buh-jesberg.de\/?s={search_term_string}"},"query-input":{"@type":"PropertyValueSpecification","valueRequired":true,"valueName":"search_term_string"}}],"inLanguage":"de"},{"@type":"Organization","@id":"https:\/\/buh-jesberg.de\/#organization","name":"Burg und Heimatverein Jesberg e.V.","url":"https:\/\/buh-jesberg.de\/","logo":{"@type":"ImageObject","inLanguage":"de","@id":"https:\/\/buh-jesberg.de\/#\/schema\/logo\/image\/","url":"https:\/\/buh-jesberg.de\/wp-content\/uploads\/2023\/01\/Website_Logo-e1674580236324.jpg","contentUrl":"https:\/\/buh-jesberg.de\/wp-content\/uploads\/2023\/01\/Website_Logo-e1674580236324.jpg","width":500,"height":501,"caption":"Burg und Heimatverein Jesberg e.V."},"image":{"@id":"https:\/\/buh-jesberg.de\/#\/schema\/logo\/image\/"}}]}},"_links":{"self":[{"href":"https:\/\/buh-jesberg.de\/index.php\/wp-json\/wp\/v2\/pages\/6244","targetHints":{"allow":["GET"]}}],"collection":[{"href":"https:\/\/buh-jesberg.de\/index.php\/wp-json\/wp\/v2\/pages"}],"about":[{"href":"https:\/\/buh-jesberg.de\/index.php\/wp-json\/wp\/v2\/types\/page"}],"author":[{"embeddable":true,"href":"https:\/\/buh-jesberg.de\/index.php\/wp-json\/wp\/v2\/users\/2"}],"replies":[{"embeddable":true,"href":"https:\/\/buh-jesberg.de\/index.php\/wp-json\/wp\/v2\/comments?post=6244"}],"version-history":[{"count":64,"href":"https:\/\/buh-jesberg.de\/index.php\/wp-json\/wp\/v2\/pages\/6244\/revisions"}],"predecessor-version":[{"id":6500,"href":"https:\/\/buh-jesberg.de\/index.php\/wp-json\/wp\/v2\/pages\/6244\/revisions\/6500"}],"wp:attachment":[{"href":"https:\/\/buh-jesberg.de\/index.php\/wp-json\/wp\/v2\/media?parent=6244"}],"curies":[{"name":"wp","href":"https:\/\/api.w.org\/{rel}","templated":true}]}}