{"id":664,"date":"2013-02-22T13:43:19","date_gmt":"2013-02-22T11:43:19","guid":{"rendered":"http:\/\/hgv-jesberg.de\/?p=664"},"modified":"2025-03-16T15:30:38","modified_gmt":"2025-03-16T14:30:38","slug":"der-neu-gewahlte-vorstand","status":"publish","type":"page","link":"https:\/\/buh-jesberg.de\/index.php\/der-neu-gewahlte-vorstand\/","title":{"rendered":"Der neu gew\u00e4hlte Vorstand"},"content":{"rendered":"\t\t<div data-elementor-type=\"wp-post\" data-elementor-id=\"664\" class=\"elementor elementor-664\" data-elementor-post-type=\"page\">\n\t\t\t\t\t\t<section class=\"elementor-section elementor-top-section elementor-element elementor-element-50d2d0a0 elementor-section-boxed elementor-section-height-default elementor-section-height-default\" data-id=\"50d2d0a0\" data-element_type=\"section\" data-e-type=\"section\">\n\t\t\t\t\t\t<div class=\"elementor-container elementor-column-gap-default\">\n\t\t\t\t\t<div class=\"elementor-column elementor-col-100 elementor-top-column elementor-element elementor-element-229c5229\" data-id=\"229c5229\" data-element_type=\"column\" data-e-type=\"column\">\n\t\t\t<div class=\"elementor-widget-wrap elementor-element-populated\">\n\t\t\t\t\t\t<div class=\"elementor-element elementor-element-b65bc90 elementor-widget elementor-widget-text-editor\" data-id=\"b65bc90\" data-element_type=\"widget\" data-e-type=\"widget\" data-widget_type=\"text-editor.default\">\n\t\t\t\t<div class=\"elementor-widget-container\">\n\t\t\t\t\t\t\t\t\t<p><strong>Der am 22.02.2013 in der Jahreshauptversammlung neu gew\u00e4hlte Vorstand<\/strong> beabsichtigt, das Schwergewicht der k\u00fcnftigen T\u00e4tigkeit des Vereins mehr auf die \u00f6rtlichen Belange zu legen. In den letzten Jahren ist die Beteiligung aus der Bev\u00f6lkerung der Gemeinde an den monatlichen Veranstaltungen des Vereins leider \u00f6fter recht gering gewesen, obwohl meist ausgesprochen hochrangige Vortr\u00e4ge angeboten wurden. Die zu beklagende zu geringe \u00a0Resonanz k\u00f6nnte sich damit erkl\u00e4ren, dass der Bezug zu der \u00f6rtliche Bev\u00f6lkerung und der konkreten \u00f6rtlichen Geschichte dabei nicht gen\u00fcgend ersichtlich war. Jedenfalls soll in Zukunft versucht werden, die Vereinsarbeit mehr auf die Geschichte des Ortes und seiner Umgebung zu konzentrieren, in der Hoffnung, mehr Interesse in der Mitgliedschaft und in der Bev\u00f6lkerung zu wecken und mehr Mitarbeit durch Interessierte zu aktivieren.<b><\/b><\/p><p>Historisches und zeitgeschichtliches Material von durchaus gro\u00dfem Interesse, welches aufgearbeitet werden k\u00f6nnte und f\u00fcr unsere Orte eine inhaltliche Bereicherung bedeuten w\u00fcrde, ist in H\u00fclle und F\u00fclle vorhanden. Es gibt kaum eine Gemeinde dieser eher geringeren Gr\u00f6\u00dfe, die auf eine solche interessante und teils bedeutsame Geschichte zur\u00fcckblicken kann.<\/p><p>Dass man besonders gute Kenntnisse \u00fcber unsere Geschichte und das allt\u00e4gliche Leben hat, ist einem <b>Pfarrer Wilhelm Bach<\/b> zu verdanken, der hier etwa 30 Jahre seinen Dienst aus\u00fcbte, dar\u00fcber hinaus sehr gro\u00dfes historisches Interesse hatte. Ergebnis seiner Studien ist seine umfangreiche Schrift <b>\u201eGeschichtliche Nachrichten von dem Gerichte und der Pfarrei Jesberg\u201c<\/b> aus dem Jahre 1828, die sogar von Google digitalisiert und on-line verf\u00fcgbar ist <a href=\"https:\/\/books.google.de\/books?id=0FsAAAAAcAAJ&amp;pg=PR1&amp;source=gbs_selected_pages&amp;cad=2#v=onepage&amp;q&amp;f=false\"><b>(Weblink google books<\/b>)<\/a>. Die in der Studie erw\u00e4hnten vielen alten Unterlagen beginnend mit dem Mittelalter sind im Archiv der Kirche Kurhessen-Waldeck \u00fcberwiegend noch vorhanden, ebenso Berichte der nachfolgenden \u00f6rtlichen Pfarrer \u00fcber Ortsgeschehen bis in unsere Tage. Alles ist dort geordnet, wissenschaftlich aufgearbeitet und \u00f6ffentlich zug\u00e4nglich.<\/p><p>Eine weitere Person, die sich um die Gro\u00dfgemeinde Jesberg und Umgebung \u00e4u\u00dfert verdient gemacht hat, ist der ehem<b>. Lehrer Meyer<\/b>. Er hat liebevoll und kenntnisreich zu den verschiedensten Anl\u00e4ssen unsere Geschichte \u00f6ffentlich gemacht und \u00fcber Jahrzehnte die Entwicklung von zun\u00e4chst Hundshausen und dann der Gro\u00dfgemeinde Jesberg und Umgebung dokumentierend und forschend begleitet. Seine gesamten sehr umfangreichen Forschungsunterlagen und seine vielen Fotos hat er unserem Verein zur Verf\u00fcgung gestellt.<\/p><p>Wie hinsichtlich der Urkunden Pfarrer Bach besteht auch bei den Dokumenten Meyer aber die Gefahr, dass sie in Archiven gut aufbewahrt, aber unbeachtet bleiben. Unser Computer-Zeitalter bietet nun erstmals die hervorragende M\u00f6glichkeit, die so umfangreichen Unterlagen zu digitalisieren, sie so viel leichter erfassen, ordnen, lesen und vor allem \u00f6ffentlich verf\u00fcgbar machen zu k\u00f6nnen. Viele historische Unterlagen \u2013 auch uns betreffend &#8211; sind schon anderenorts digitalisiert und m\u00fcssen nur abgerufen werden. Es bieten sich also heute bisher nie da gewesene\u00a0 M\u00f6glichkeiten, alle vorhandenen Erkenntnisse zu erfassen, umfassend zu sichten, zu ordnen, aufzuarbeiten und \u00f6ffentlich zu machen. Das gilt auch hinsichtlich der Forschungsarbeit unseres Vereins im Rahmen unserer 750-Jahrfeier und danach, die in den Schr\u00e4nken unseres eigenen Archivs in gro\u00dfer F\u00fclle gesammelt ist.<\/p><p>Vieles Weitere ist auf diese Weise zu sichten und zu sammeln:<\/p><p>In den \u00f6rtlichen H\u00e4usern befinden sich in Kartons oder Schr\u00e4nken sicher noch viele Fotos, Urkunden, Briefe, was evtl. heute von historischem Interesse sein k\u00f6nnte. Wir m\u00fcssen bedenken, dass die nun schon lange Zeit nach dem 2. Weltkrieg auch bereits Geschichte bedeutet, zun\u00e4chst Leben unter sehr bescheidenen Verh\u00e4ltnissen, Zuzug vieler Vertriebener und Fl\u00fcchtlinge, Vereinsleben mit gro\u00dfen Veranstaltungen, Wirtschaftsleben, Arbeitspl\u00e4tze. Hierzu sind in den H\u00e4usern, bei den Vereinen sicher viele Unterlagen vorhanden. Nur, alles muss gesammelt, geordnet und in einen Zusammenhang gebracht werden, was Aufgabe eines heimatlichen Geschichtsvereins ist. Und unsere Aufgabe ist es auch, die weitere Entwicklung unserer Gemeinde und ihrer Umgebung dokumentierend zu begleiten, wie Lehrer Meyer es in so vorbildlicher Weise getan hat.<\/p><p>Aus fr\u00fcher eher verst\u00e4ndlichen Gr\u00fcnden ist die Nazi-Zeit und das Kriegsende ganz und gar nur beil\u00e4ufig bisher erw\u00e4hnt worden, geh\u00f6rt aber ohne Zweifel auch zur Ortgeschichte. Auch hiermit sollte sich unser \u00f6rtlicher Verein in gebotener Form befassen, einige Urkunden hierzu sind vom Staatsarchiv Marburg digital schon ver\u00f6ffentlicht.<\/p><p>Ein Thema von besonderem Interesse f\u00fcr viele in der Bev\u00f6lkerung ist die <b>Familienforschung<\/b>. Hierauf wollen wir an einem Vereinsabend\u00a0 ausf\u00fchrlich eingehen, zumal wir beratend den Hundsh\u00e4user Mitb\u00fcrger Olaf Kirschner haben, der mit einem Computerprogramm alle Eintragungen in unseren Kirchenb\u00fcchern erfasst hat und uns daraus auch Auskunft geben kann \u00fcber das Schicksal der \u00f6rtlichen Bev\u00f6lkerung im Laufe der Jahrhunderte, z. B. gro\u00dfe Anzahl der fr\u00fchen Todesf\u00e4lle, Selbstmorde, Uneheliche, Wegzug und Auswanderung aus Gr\u00fcnden der Not und sonstige Auff\u00e4lligkeiten.<\/p><p>All das macht deutlich, es stellen sich viele und interessante Aufgaben. Sinn der T\u00e4tigkeit ist nicht allein der Blick in die Vergangenheit, sondern wir wollen ein Bewusstsein erhalten und entwickeln daf\u00fcr, welche Bedeutung unsere Gemeinde mit ihrer Umgebung in der Vergangenheit hatte, was davon erhalten ist, was wir daraus in der Zukunft machen k\u00f6nnen, gerade auch f\u00fcr die j\u00fcngeren Leute, die sich zum Hierbleiben entschieden haben .<\/p><p>Dabei \u00a0hervorragende Bedeutung Jesberg hatte, wird daraus ersichtlich, dass unser Ort in dem von Napoleon gegr\u00fcndeten K\u00f6nigreich Westfalen sogar Sitz eines Kantons wurde, zust\u00e4ndig f\u00fcr 36! umliegende Ortschaften. Und der anschlie\u00dfend in 1821 gegr\u00fcndete Kreis Fritzlar bestand aus drei \u00c4mtern, n\u00e4mlich Fritzlar, Gudensberg und \u2013 Jesberg, zust\u00e4ndig f\u00fcr immerhin 18 umliegende Orte, besonders ausgezeichnet durch unser Amtsgericht im Maximilianschloss\u00a0 bis Ende des 2. Weltkriegs. Einen gewissen Stolz hierauf, der auch deutlich wird an einigen erhaltenen Bauwerken, wie Burgruine, Maximilianschloss, Fachwerkhaus B\u00fcrgermeisteramt, sog. Zehntscheune mit Schweizerhaus, wollen wir erhalten und in der Gro\u00dfgemeinde ortwirken lassen.<\/p><p>Wir vom Vereinsvorstand k\u00f6nnen die angesprochenen Aufgaben allein selbstverst\u00e4ndlich nicht stemmen. Wir engagieren uns aus dankbarer heimatlicher Verbundenheit und erhoffen uns Mithilfe aus der Einwohnerschaft, wobei wir besonders auch j\u00fcngere Leute ansprechen wollen und auch Zugezogene, die in der Gemeinde eine neue Heimat zu finden suchen.<\/p>\t\t\t\t\t\t\t\t<\/div>\n\t\t\t\t<\/div>\n\t\t\t\t\t<\/div>\n\t\t<\/div>\n\t\t\t\t\t<\/div>\n\t\t<\/section>\n\t\t\t\t<\/div>\n\t\t","protected":false},"excerpt":{"rendered":"<p>Der am 22.02.2013 in der Jahreshauptversammlung neu gew\u00e4hlte Vorstand beabsichtigt, das Schwergewicht der k\u00fcnftigen T\u00e4tigkeit des Vereins mehr auf die \u00f6rtlichen Belange zu legen. In den letzten Jahren ist die [&hellip;]<\/p>\n","protected":false},"author":2,"featured_media":0,"parent":0,"menu_order":0,"comment_status":"closed","ping_status":"closed","template":"","meta":{"_monsterinsights_skip_tracking":false,"_monsterinsights_sitenote_active":false,"_monsterinsights_sitenote_note":"","_monsterinsights_sitenote_category":0,"footnotes":""},"class_list":["post-664","page","type-page","status-publish","hentry"],"yoast_head":"<!-- This site is optimized with the Yoast SEO plugin v27.5 - https:\/\/yoast.com\/product\/yoast-seo-wordpress\/ -->\n<title>Der neu gew\u00e4hlte Vorstand - Burg und Heimatverein Jesberg e.V.<\/title>\n<meta name=\"robots\" content=\"index, follow, max-snippet:-1, max-image-preview:large, max-video-preview:-1\" \/>\n<link rel=\"canonical\" href=\"https:\/\/buh-jesberg.de\/index.php\/der-neu-gewahlte-vorstand\/\" \/>\n<meta property=\"og:locale\" content=\"de_DE\" \/>\n<meta property=\"og:type\" content=\"article\" \/>\n<meta property=\"og:title\" content=\"Der neu gew\u00e4hlte Vorstand - Burg und Heimatverein Jesberg e.V.\" \/>\n<meta property=\"og:description\" content=\"Der am 22.02.2013 in der Jahreshauptversammlung neu gew\u00e4hlte Vorstand beabsichtigt, das Schwergewicht der k\u00fcnftigen T\u00e4tigkeit des Vereins mehr auf die \u00f6rtlichen Belange zu legen. In den letzten Jahren ist die [&hellip;]\" \/>\n<meta property=\"og:url\" content=\"https:\/\/buh-jesberg.de\/index.php\/der-neu-gewahlte-vorstand\/\" \/>\n<meta property=\"og:site_name\" content=\"Burg und Heimatverein Jesberg e.V.\" \/>\n<meta property=\"article:modified_time\" content=\"2025-03-16T14:30:38+00:00\" \/>\n<meta name=\"twitter:card\" content=\"summary_large_image\" \/>\n<meta name=\"twitter:label1\" content=\"Gesch\u00e4tzte Lesezeit\" \/>\n\t<meta name=\"twitter:data1\" content=\"6\u00a0Minuten\" \/>\n<script type=\"application\/ld+json\" class=\"yoast-schema-graph\">{\"@context\":\"https:\\\/\\\/schema.org\",\"@graph\":[{\"@type\":\"WebPage\",\"@id\":\"https:\\\/\\\/buh-jesberg.de\\\/index.php\\\/der-neu-gewahlte-vorstand\\\/\",\"url\":\"https:\\\/\\\/buh-jesberg.de\\\/index.php\\\/der-neu-gewahlte-vorstand\\\/\",\"name\":\"Der neu gew\u00e4hlte Vorstand - Burg und Heimatverein Jesberg e.V.\",\"isPartOf\":{\"@id\":\"https:\\\/\\\/buh-jesberg.de\\\/#website\"},\"datePublished\":\"2013-02-22T11:43:19+00:00\",\"dateModified\":\"2025-03-16T14:30:38+00:00\",\"breadcrumb\":{\"@id\":\"https:\\\/\\\/buh-jesberg.de\\\/index.php\\\/der-neu-gewahlte-vorstand\\\/#breadcrumb\"},\"inLanguage\":\"de\",\"potentialAction\":[{\"@type\":\"ReadAction\",\"target\":[\"https:\\\/\\\/buh-jesberg.de\\\/index.php\\\/der-neu-gewahlte-vorstand\\\/\"]}]},{\"@type\":\"BreadcrumbList\",\"@id\":\"https:\\\/\\\/buh-jesberg.de\\\/index.php\\\/der-neu-gewahlte-vorstand\\\/#breadcrumb\",\"itemListElement\":[{\"@type\":\"ListItem\",\"position\":1,\"name\":\"Startseite\",\"item\":\"https:\\\/\\\/buh-jesberg.de\\\/\"},{\"@type\":\"ListItem\",\"position\":2,\"name\":\"Der neu gew\u00e4hlte Vorstand\"}]},{\"@type\":\"WebSite\",\"@id\":\"https:\\\/\\\/buh-jesberg.de\\\/#website\",\"url\":\"https:\\\/\\\/buh-jesberg.de\\\/\",\"name\":\"Burg und Heimatverein Jesberg e.V.\",\"description\":\"Gemeinn\u00fctziger Verein in Jesberg\",\"publisher\":{\"@id\":\"https:\\\/\\\/buh-jesberg.de\\\/#organization\"},\"potentialAction\":[{\"@type\":\"SearchAction\",\"target\":{\"@type\":\"EntryPoint\",\"urlTemplate\":\"https:\\\/\\\/buh-jesberg.de\\\/?s={search_term_string}\"},\"query-input\":{\"@type\":\"PropertyValueSpecification\",\"valueRequired\":true,\"valueName\":\"search_term_string\"}}],\"inLanguage\":\"de\"},{\"@type\":\"Organization\",\"@id\":\"https:\\\/\\\/buh-jesberg.de\\\/#organization\",\"name\":\"Burg und Heimatverein Jesberg e.V.\",\"url\":\"https:\\\/\\\/buh-jesberg.de\\\/\",\"logo\":{\"@type\":\"ImageObject\",\"inLanguage\":\"de\",\"@id\":\"https:\\\/\\\/buh-jesberg.de\\\/#\\\/schema\\\/logo\\\/image\\\/\",\"url\":\"https:\\\/\\\/buh-jesberg.de\\\/wp-content\\\/uploads\\\/2023\\\/01\\\/Website_Logo-e1674580236324.jpg\",\"contentUrl\":\"https:\\\/\\\/buh-jesberg.de\\\/wp-content\\\/uploads\\\/2023\\\/01\\\/Website_Logo-e1674580236324.jpg\",\"width\":500,\"height\":501,\"caption\":\"Burg und Heimatverein Jesberg e.V.\"},\"image\":{\"@id\":\"https:\\\/\\\/buh-jesberg.de\\\/#\\\/schema\\\/logo\\\/image\\\/\"}}]}<\/script>\n<!-- \/ Yoast SEO plugin. -->","yoast_head_json":{"title":"Der neu gew\u00e4hlte Vorstand - Burg und Heimatverein Jesberg e.V.","robots":{"index":"index","follow":"follow","max-snippet":"max-snippet:-1","max-image-preview":"max-image-preview:large","max-video-preview":"max-video-preview:-1"},"canonical":"https:\/\/buh-jesberg.de\/index.php\/der-neu-gewahlte-vorstand\/","og_locale":"de_DE","og_type":"article","og_title":"Der neu gew\u00e4hlte Vorstand - Burg und Heimatverein Jesberg e.V.","og_description":"Der am 22.02.2013 in der Jahreshauptversammlung neu gew\u00e4hlte Vorstand beabsichtigt, das Schwergewicht der k\u00fcnftigen T\u00e4tigkeit des Vereins mehr auf die \u00f6rtlichen Belange zu legen. In den letzten Jahren ist die [&hellip;]","og_url":"https:\/\/buh-jesberg.de\/index.php\/der-neu-gewahlte-vorstand\/","og_site_name":"Burg und Heimatverein Jesberg e.V.","article_modified_time":"2025-03-16T14:30:38+00:00","twitter_card":"summary_large_image","twitter_misc":{"Gesch\u00e4tzte Lesezeit":"6\u00a0Minuten"},"schema":{"@context":"https:\/\/schema.org","@graph":[{"@type":"WebPage","@id":"https:\/\/buh-jesberg.de\/index.php\/der-neu-gewahlte-vorstand\/","url":"https:\/\/buh-jesberg.de\/index.php\/der-neu-gewahlte-vorstand\/","name":"Der neu gew\u00e4hlte Vorstand - Burg und Heimatverein Jesberg e.V.","isPartOf":{"@id":"https:\/\/buh-jesberg.de\/#website"},"datePublished":"2013-02-22T11:43:19+00:00","dateModified":"2025-03-16T14:30:38+00:00","breadcrumb":{"@id":"https:\/\/buh-jesberg.de\/index.php\/der-neu-gewahlte-vorstand\/#breadcrumb"},"inLanguage":"de","potentialAction":[{"@type":"ReadAction","target":["https:\/\/buh-jesberg.de\/index.php\/der-neu-gewahlte-vorstand\/"]}]},{"@type":"BreadcrumbList","@id":"https:\/\/buh-jesberg.de\/index.php\/der-neu-gewahlte-vorstand\/#breadcrumb","itemListElement":[{"@type":"ListItem","position":1,"name":"Startseite","item":"https:\/\/buh-jesberg.de\/"},{"@type":"ListItem","position":2,"name":"Der neu gew\u00e4hlte Vorstand"}]},{"@type":"WebSite","@id":"https:\/\/buh-jesberg.de\/#website","url":"https:\/\/buh-jesberg.de\/","name":"Burg und Heimatverein Jesberg e.V.","description":"Gemeinn\u00fctziger Verein in Jesberg","publisher":{"@id":"https:\/\/buh-jesberg.de\/#organization"},"potentialAction":[{"@type":"SearchAction","target":{"@type":"EntryPoint","urlTemplate":"https:\/\/buh-jesberg.de\/?s={search_term_string}"},"query-input":{"@type":"PropertyValueSpecification","valueRequired":true,"valueName":"search_term_string"}}],"inLanguage":"de"},{"@type":"Organization","@id":"https:\/\/buh-jesberg.de\/#organization","name":"Burg und Heimatverein Jesberg e.V.","url":"https:\/\/buh-jesberg.de\/","logo":{"@type":"ImageObject","inLanguage":"de","@id":"https:\/\/buh-jesberg.de\/#\/schema\/logo\/image\/","url":"https:\/\/buh-jesberg.de\/wp-content\/uploads\/2023\/01\/Website_Logo-e1674580236324.jpg","contentUrl":"https:\/\/buh-jesberg.de\/wp-content\/uploads\/2023\/01\/Website_Logo-e1674580236324.jpg","width":500,"height":501,"caption":"Burg und Heimatverein Jesberg e.V."},"image":{"@id":"https:\/\/buh-jesberg.de\/#\/schema\/logo\/image\/"}}]}},"_links":{"self":[{"href":"https:\/\/buh-jesberg.de\/index.php\/wp-json\/wp\/v2\/pages\/664","targetHints":{"allow":["GET"]}}],"collection":[{"href":"https:\/\/buh-jesberg.de\/index.php\/wp-json\/wp\/v2\/pages"}],"about":[{"href":"https:\/\/buh-jesberg.de\/index.php\/wp-json\/wp\/v2\/types\/page"}],"author":[{"embeddable":true,"href":"https:\/\/buh-jesberg.de\/index.php\/wp-json\/wp\/v2\/users\/2"}],"replies":[{"embeddable":true,"href":"https:\/\/buh-jesberg.de\/index.php\/wp-json\/wp\/v2\/comments?post=664"}],"version-history":[{"count":10,"href":"https:\/\/buh-jesberg.de\/index.php\/wp-json\/wp\/v2\/pages\/664\/revisions"}],"predecessor-version":[{"id":8196,"href":"https:\/\/buh-jesberg.de\/index.php\/wp-json\/wp\/v2\/pages\/664\/revisions\/8196"}],"wp:attachment":[{"href":"https:\/\/buh-jesberg.de\/index.php\/wp-json\/wp\/v2\/media?parent=664"}],"curies":[{"name":"wp","href":"https:\/\/api.w.org\/{rel}","templated":true}]}}