{"id":7610,"date":"2024-07-10T16:24:59","date_gmt":"2024-07-10T14:24:59","guid":{"rendered":"https:\/\/buh-jesberg.de\/?page_id=7610"},"modified":"2024-07-10T16:28:22","modified_gmt":"2024-07-10T14:28:22","slug":"weinfest-06-07-2024-2","status":"publish","type":"page","link":"https:\/\/buh-jesberg.de\/index.php\/weinfest-06-07-2024-2\/","title":{"rendered":"Weinfest 06-07-2024"},"content":{"rendered":"\t\t<div data-elementor-type=\"wp-page\" data-elementor-id=\"7610\" class=\"elementor elementor-7610\" data-elementor-post-type=\"page\">\n\t\t\t\t\t\t<section class=\"elementor-section elementor-top-section elementor-element elementor-element-1dc1e28 elementor-section-boxed elementor-section-height-default elementor-section-height-default\" data-id=\"1dc1e28\" data-element_type=\"section\" data-e-type=\"section\">\n\t\t\t\t\t\t<div class=\"elementor-container elementor-column-gap-default\">\n\t\t\t\t\t<div class=\"elementor-column elementor-col-100 elementor-top-column elementor-element elementor-element-ec5adb6\" data-id=\"ec5adb6\" data-element_type=\"column\" data-e-type=\"column\">\n\t\t\t<div class=\"elementor-widget-wrap elementor-element-populated\">\n\t\t\t\t\t\t<div class=\"elementor-element elementor-element-a7f98a6 elementor-widget elementor-widget-text-editor\" data-id=\"a7f98a6\" data-element_type=\"widget\" data-e-type=\"widget\" data-widget_type=\"text-editor.default\">\n\t\t\t\t<div class=\"elementor-widget-container\">\n\t\t\t\t\t\t\t\t\t<p>Am 06.07.2024 fand auf der Burg in Jesberg das erste Weinfest des Vereins statt. Ab 18:00 Uhr war Einlass f\u00fcr die Besucher. Unter den vielen verschiedenen Weinsorten und alkoholfreien Getr\u00e4nken war f\u00fcr jeden Besucher das Richtige dabei. F\u00fcr den Hunger gab es Brot mit Schmalz, Wurst, K\u00e4se und Laugenbrezeln. Der Vorstand begr\u00fc\u00dfte um 19:30 Uhr die G\u00e4ste und die Band \u201e<strong><a href=\"https:\/\/www.whynotbandofficial.de\/\" target=\"_blank\" rel=\"noopener\">Why not acoustic<\/a>\u201c. <\/strong>Anschlie\u00dfend spielte die Band Musik aus den 80-zigern und 90-zigern Jahren. Die Musik animierte die Besucher zum Mitsingen und Tanzen. Die Stimmung der ca. 120 Besucher war fantastisch, was auf den Bildern und Videos gut zu erkennen ist. Gegen 23:00 Uhr wurde dann das letzte Musikst\u00fcck gespielt. Bei Wein und Musik aus der Box wurde weiter gefeiert und die letzten G\u00e4ste sind am Sonntag gegen 2:00 Uhr gegangen.<\/p><p>Das Weinfest war f\u00fcr die G\u00e4ste und den Burg- und Heimatverein Jesberg e.V. ein voller Erfolg.<\/p><p>Vielen Dank an \u201eWhy not acoustic\u201c f\u00fcr die tolle Musik und unseren G\u00e4sten f\u00fcr die tolle Stimmung. Unser Dank gilt ebenso allen Helferinnen und Helfern!<\/p><p>Der Verein freut sich schon auf die n\u00e4chste Veranstaltung am 24.08.2024 um 20:00 Uhr mit dem Ensemble <strong>CASA<\/strong>. Das Motto ist \u201ewhat a saturday night\u201c<strong>.<\/strong><\/p><p>Hier geht es zur <strong><a href=\"https:\/\/buh-jesberg.de\/index.php\/weinfest-06-07-2024\/\">G<\/a><a href=\"https:\/\/buh-jesberg.de\/index.php\/weinfest-06-07-2024\/\">aler<\/a><a href=\"https:\/\/buh-jesberg.de\/index.php\/weinfest-06-07-2024\/\">ie<\/a>!<\/strong><\/p>\t\t\t\t\t\t\t\t<\/div>\n\t\t\t\t<\/div>\n\t\t\t\t\t<\/div>\n\t\t<\/div>\n\t\t\t\t\t<\/div>\n\t\t<\/section>\n\t\t\t\t<\/div>\n\t\t","protected":false},"excerpt":{"rendered":"<p>Am 06.07.2024 fand auf der Burg in Jesberg das erste Weinfest des Vereins statt. Ab 18:00 Uhr war Einlass f\u00fcr die Besucher. Unter den vielen verschiedenen Weinsorten und alkoholfreien Getr\u00e4nken [&hellip;]<\/p>\n","protected":false},"author":2,"featured_media":0,"parent":0,"menu_order":0,"comment_status":"closed","ping_status":"closed","template":"","meta":{"_monsterinsights_skip_tracking":false,"_monsterinsights_sitenote_active":false,"_monsterinsights_sitenote_note":"","_monsterinsights_sitenote_category":0,"footnotes":""},"class_list":["post-7610","page","type-page","status-publish","hentry"],"yoast_head":"<!-- This site is optimized with the Yoast SEO plugin v27.5 - https:\/\/yoast.com\/product\/yoast-seo-wordpress\/ -->\n<title>Weinfest 06-07-2024 - Burg und Heimatverein Jesberg e.V.<\/title>\n<meta name=\"robots\" content=\"index, follow, max-snippet:-1, max-image-preview:large, max-video-preview:-1\" \/>\n<link rel=\"canonical\" href=\"https:\/\/buh-jesberg.de\/index.php\/weinfest-06-07-2024-2\/\" \/>\n<meta property=\"og:locale\" content=\"de_DE\" \/>\n<meta property=\"og:type\" content=\"article\" \/>\n<meta property=\"og:title\" content=\"Weinfest 06-07-2024 - Burg und Heimatverein Jesberg e.V.\" \/>\n<meta property=\"og:description\" content=\"Am 06.07.2024 fand auf der Burg in Jesberg das erste Weinfest des Vereins statt. Ab 18:00 Uhr war Einlass f\u00fcr die Besucher. Unter den vielen verschiedenen Weinsorten und alkoholfreien Getr\u00e4nken [&hellip;]\" \/>\n<meta property=\"og:url\" content=\"https:\/\/buh-jesberg.de\/index.php\/weinfest-06-07-2024-2\/\" \/>\n<meta property=\"og:site_name\" content=\"Burg und Heimatverein Jesberg e.V.\" \/>\n<meta property=\"article:modified_time\" content=\"2024-07-10T14:28:22+00:00\" \/>\n<meta name=\"twitter:card\" content=\"summary_large_image\" \/>\n<meta name=\"twitter:label1\" content=\"Gesch\u00e4tzte Lesezeit\" \/>\n\t<meta name=\"twitter:data1\" content=\"2\u00a0Minuten\" \/>\n<script type=\"application\/ld+json\" class=\"yoast-schema-graph\">{\"@context\":\"https:\\\/\\\/schema.org\",\"@graph\":[{\"@type\":\"WebPage\",\"@id\":\"https:\\\/\\\/buh-jesberg.de\\\/index.php\\\/weinfest-06-07-2024-2\\\/\",\"url\":\"https:\\\/\\\/buh-jesberg.de\\\/index.php\\\/weinfest-06-07-2024-2\\\/\",\"name\":\"Weinfest 06-07-2024 - Burg und Heimatverein Jesberg e.V.\",\"isPartOf\":{\"@id\":\"https:\\\/\\\/buh-jesberg.de\\\/#website\"},\"datePublished\":\"2024-07-10T14:24:59+00:00\",\"dateModified\":\"2024-07-10T14:28:22+00:00\",\"breadcrumb\":{\"@id\":\"https:\\\/\\\/buh-jesberg.de\\\/index.php\\\/weinfest-06-07-2024-2\\\/#breadcrumb\"},\"inLanguage\":\"de\",\"potentialAction\":[{\"@type\":\"ReadAction\",\"target\":[\"https:\\\/\\\/buh-jesberg.de\\\/index.php\\\/weinfest-06-07-2024-2\\\/\"]}]},{\"@type\":\"BreadcrumbList\",\"@id\":\"https:\\\/\\\/buh-jesberg.de\\\/index.php\\\/weinfest-06-07-2024-2\\\/#breadcrumb\",\"itemListElement\":[{\"@type\":\"ListItem\",\"position\":1,\"name\":\"Startseite\",\"item\":\"https:\\\/\\\/buh-jesberg.de\\\/\"},{\"@type\":\"ListItem\",\"position\":2,\"name\":\"Weinfest 06-07-2024\"}]},{\"@type\":\"WebSite\",\"@id\":\"https:\\\/\\\/buh-jesberg.de\\\/#website\",\"url\":\"https:\\\/\\\/buh-jesberg.de\\\/\",\"name\":\"Burg und Heimatverein Jesberg e.V.\",\"description\":\"Gemeinn\u00fctziger Verein in Jesberg\",\"publisher\":{\"@id\":\"https:\\\/\\\/buh-jesberg.de\\\/#organization\"},\"potentialAction\":[{\"@type\":\"SearchAction\",\"target\":{\"@type\":\"EntryPoint\",\"urlTemplate\":\"https:\\\/\\\/buh-jesberg.de\\\/?s={search_term_string}\"},\"query-input\":{\"@type\":\"PropertyValueSpecification\",\"valueRequired\":true,\"valueName\":\"search_term_string\"}}],\"inLanguage\":\"de\"},{\"@type\":\"Organization\",\"@id\":\"https:\\\/\\\/buh-jesberg.de\\\/#organization\",\"name\":\"Burg und Heimatverein Jesberg e.V.\",\"url\":\"https:\\\/\\\/buh-jesberg.de\\\/\",\"logo\":{\"@type\":\"ImageObject\",\"inLanguage\":\"de\",\"@id\":\"https:\\\/\\\/buh-jesberg.de\\\/#\\\/schema\\\/logo\\\/image\\\/\",\"url\":\"https:\\\/\\\/buh-jesberg.de\\\/wp-content\\\/uploads\\\/2023\\\/01\\\/Website_Logo-e1674580236324.jpg\",\"contentUrl\":\"https:\\\/\\\/buh-jesberg.de\\\/wp-content\\\/uploads\\\/2023\\\/01\\\/Website_Logo-e1674580236324.jpg\",\"width\":500,\"height\":501,\"caption\":\"Burg und Heimatverein Jesberg e.V.\"},\"image\":{\"@id\":\"https:\\\/\\\/buh-jesberg.de\\\/#\\\/schema\\\/logo\\\/image\\\/\"}}]}<\/script>\n<!-- \/ Yoast SEO plugin. -->","yoast_head_json":{"title":"Weinfest 06-07-2024 - Burg und Heimatverein Jesberg e.V.","robots":{"index":"index","follow":"follow","max-snippet":"max-snippet:-1","max-image-preview":"max-image-preview:large","max-video-preview":"max-video-preview:-1"},"canonical":"https:\/\/buh-jesberg.de\/index.php\/weinfest-06-07-2024-2\/","og_locale":"de_DE","og_type":"article","og_title":"Weinfest 06-07-2024 - Burg und Heimatverein Jesberg e.V.","og_description":"Am 06.07.2024 fand auf der Burg in Jesberg das erste Weinfest des Vereins statt. Ab 18:00 Uhr war Einlass f\u00fcr die Besucher. Unter den vielen verschiedenen Weinsorten und alkoholfreien Getr\u00e4nken [&hellip;]","og_url":"https:\/\/buh-jesberg.de\/index.php\/weinfest-06-07-2024-2\/","og_site_name":"Burg und Heimatverein Jesberg e.V.","article_modified_time":"2024-07-10T14:28:22+00:00","twitter_card":"summary_large_image","twitter_misc":{"Gesch\u00e4tzte Lesezeit":"2\u00a0Minuten"},"schema":{"@context":"https:\/\/schema.org","@graph":[{"@type":"WebPage","@id":"https:\/\/buh-jesberg.de\/index.php\/weinfest-06-07-2024-2\/","url":"https:\/\/buh-jesberg.de\/index.php\/weinfest-06-07-2024-2\/","name":"Weinfest 06-07-2024 - Burg und Heimatverein Jesberg e.V.","isPartOf":{"@id":"https:\/\/buh-jesberg.de\/#website"},"datePublished":"2024-07-10T14:24:59+00:00","dateModified":"2024-07-10T14:28:22+00:00","breadcrumb":{"@id":"https:\/\/buh-jesberg.de\/index.php\/weinfest-06-07-2024-2\/#breadcrumb"},"inLanguage":"de","potentialAction":[{"@type":"ReadAction","target":["https:\/\/buh-jesberg.de\/index.php\/weinfest-06-07-2024-2\/"]}]},{"@type":"BreadcrumbList","@id":"https:\/\/buh-jesberg.de\/index.php\/weinfest-06-07-2024-2\/#breadcrumb","itemListElement":[{"@type":"ListItem","position":1,"name":"Startseite","item":"https:\/\/buh-jesberg.de\/"},{"@type":"ListItem","position":2,"name":"Weinfest 06-07-2024"}]},{"@type":"WebSite","@id":"https:\/\/buh-jesberg.de\/#website","url":"https:\/\/buh-jesberg.de\/","name":"Burg und Heimatverein Jesberg e.V.","description":"Gemeinn\u00fctziger Verein in Jesberg","publisher":{"@id":"https:\/\/buh-jesberg.de\/#organization"},"potentialAction":[{"@type":"SearchAction","target":{"@type":"EntryPoint","urlTemplate":"https:\/\/buh-jesberg.de\/?s={search_term_string}"},"query-input":{"@type":"PropertyValueSpecification","valueRequired":true,"valueName":"search_term_string"}}],"inLanguage":"de"},{"@type":"Organization","@id":"https:\/\/buh-jesberg.de\/#organization","name":"Burg und Heimatverein Jesberg e.V.","url":"https:\/\/buh-jesberg.de\/","logo":{"@type":"ImageObject","inLanguage":"de","@id":"https:\/\/buh-jesberg.de\/#\/schema\/logo\/image\/","url":"https:\/\/buh-jesberg.de\/wp-content\/uploads\/2023\/01\/Website_Logo-e1674580236324.jpg","contentUrl":"https:\/\/buh-jesberg.de\/wp-content\/uploads\/2023\/01\/Website_Logo-e1674580236324.jpg","width":500,"height":501,"caption":"Burg und Heimatverein Jesberg e.V."},"image":{"@id":"https:\/\/buh-jesberg.de\/#\/schema\/logo\/image\/"}}]}},"_links":{"self":[{"href":"https:\/\/buh-jesberg.de\/index.php\/wp-json\/wp\/v2\/pages\/7610","targetHints":{"allow":["GET"]}}],"collection":[{"href":"https:\/\/buh-jesberg.de\/index.php\/wp-json\/wp\/v2\/pages"}],"about":[{"href":"https:\/\/buh-jesberg.de\/index.php\/wp-json\/wp\/v2\/types\/page"}],"author":[{"embeddable":true,"href":"https:\/\/buh-jesberg.de\/index.php\/wp-json\/wp\/v2\/users\/2"}],"replies":[{"embeddable":true,"href":"https:\/\/buh-jesberg.de\/index.php\/wp-json\/wp\/v2\/comments?post=7610"}],"version-history":[{"count":7,"href":"https:\/\/buh-jesberg.de\/index.php\/wp-json\/wp\/v2\/pages\/7610\/revisions"}],"predecessor-version":[{"id":7617,"href":"https:\/\/buh-jesberg.de\/index.php\/wp-json\/wp\/v2\/pages\/7610\/revisions\/7617"}],"wp:attachment":[{"href":"https:\/\/buh-jesberg.de\/index.php\/wp-json\/wp\/v2\/media?parent=7610"}],"curies":[{"name":"wp","href":"https:\/\/api.w.org\/{rel}","templated":true}]}}