{"id":7704,"date":"2024-08-27T14:27:53","date_gmt":"2024-08-27T12:27:53","guid":{"rendered":"https:\/\/buh-jesberg.de\/?page_id=7704"},"modified":"2024-08-31T10:31:10","modified_gmt":"2024-08-31T08:31:10","slug":"konzert-casa-und-tuesdames-24-08-2024","status":"publish","type":"page","link":"https:\/\/buh-jesberg.de\/index.php\/konzert-casa-und-tuesdames-24-08-2024\/","title":{"rendered":"Konzert CASA und Tuesdames 24-08-2024"},"content":{"rendered":"\t\t<div data-elementor-type=\"wp-page\" data-elementor-id=\"7704\" class=\"elementor elementor-7704\" data-elementor-post-type=\"page\">\n\t\t\t\t\t\t<section class=\"elementor-section elementor-top-section elementor-element elementor-element-c710efd elementor-section-boxed elementor-section-height-default elementor-section-height-default\" data-id=\"c710efd\" data-element_type=\"section\" data-e-type=\"section\">\n\t\t\t\t\t\t<div class=\"elementor-container elementor-column-gap-default\">\n\t\t\t\t\t<div class=\"elementor-column elementor-col-100 elementor-top-column elementor-element elementor-element-ab975bd\" data-id=\"ab975bd\" data-element_type=\"column\" data-e-type=\"column\">\n\t\t\t<div class=\"elementor-widget-wrap elementor-element-populated\">\n\t\t\t\t\t\t<div class=\"elementor-element elementor-element-bd08e78 elementor-widget elementor-widget-text-editor\" data-id=\"bd08e78\" data-element_type=\"widget\" data-e-type=\"widget\" data-widget_type=\"text-editor.default\">\n\t\t\t\t<div class=\"elementor-widget-container\">\n\t\t\t\t\t\t\t\t\t<p>Am Samstag den 24.08.2024 fand auf der Burg in Jesberg bei tollem Wetter ein Konzert des Quartetts CASA und dem Trio Tuesdames statt. Ab 18:00 Uhr war es m\u00f6glich sich mit Bier, Wein oder anderen alkoholfreien Getr\u00e4nken zu versorgen. Auch f\u00fcr den Hunger gab es W\u00fcrstchen und Brot mit verschieden Bel\u00e4gen.<\/p><p>P\u00fcnktlich um 19:00 Uhr begr\u00fc\u00dfte die Vorsitzende, Susanne Bannenberg, die ca. 150 Besucher und stellte die Gesangsgruppen vor. <br \/>Das Quartett CASA pr\u00e4sentierte viele Lieder die jeder Besucher schon einmal geh\u00f6rt hatte. Zu den Liedern wurde auch immer kurz erl\u00e4utert um was es in den Liedtexten geht. So war der erste Teil bis zur Pause sehr kurzweilig.<\/p><p>W\u00e4hrend der Pause hatten die Besucher dann wieder die M\u00f6glichkeit sich mit Essen und Getr\u00e4nken zu versorgen.<\/p><p>Um 20:00 Uhr begann der n\u00e4chste Teil der Liedpr\u00e4sentation. Hier hatte dann auch das Trio Tuesdames ihren Auftritt. Einer der H\u00f6hepunkte war, dass beide Gesangsgruppen zusammen Lieder pr\u00e4sentierten. Ein Lied war den beiden verstorbenen Feuerwehrm\u00e4nner aus Densberg gewidmet.<\/p><p>Gegen 21:30 Uhr war das Konzert zu Ende. Alle Besucher waren von den Darbietungen begeistert.<\/p><p>Es war f\u00fcr alle, das Quartett CASA, die Tuesdames und den Burg- und Heimatverein Jesberg ein gelungener Abend. Alle Akteure bedanken sich noch einmal auf diesem Weg bei den tollen Besuchern.<\/p><p>\u00a0<\/p><p>Ihr Burg- und Heimatverein Jesberg e.V.<\/p>\t\t\t\t\t\t\t\t<\/div>\n\t\t\t\t<\/div>\n\t\t\t\t\t<\/div>\n\t\t<\/div>\n\t\t\t\t\t<\/div>\n\t\t<\/section>\n\t\t\t\t<section class=\"elementor-section elementor-top-section elementor-element elementor-element-bf91020 elementor-section-boxed elementor-section-height-default elementor-section-height-default\" data-id=\"bf91020\" data-element_type=\"section\" data-e-type=\"section\">\n\t\t\t\t\t\t<div class=\"elementor-container elementor-column-gap-default\">\n\t\t\t\t\t<div class=\"elementor-column elementor-col-100 elementor-top-column elementor-element elementor-element-d984375\" data-id=\"d984375\" data-element_type=\"column\" data-e-type=\"column\">\n\t\t\t<div class=\"elementor-widget-wrap elementor-element-populated\">\n\t\t\t\t\t\t<div class=\"elementor-element elementor-element-727c5e0 elementor-widget elementor-widget-text-editor\" data-id=\"727c5e0\" data-element_type=\"widget\" data-e-type=\"widget\" data-widget_type=\"text-editor.default\">\n\t\t\t\t<div class=\"elementor-widget-container\">\n\t\t\t\t\t\t\t\t\t<figure id=\"attachment_7684\" aria-describedby=\"caption-attachment-7684\" style=\"width: 300px\" class=\"wp-caption alignleft\"><a href=\"https:\/\/buh-jesberg.de\/index.php\/bilder_konzert_casa\/\"><img fetchpriority=\"high\" decoding=\"async\" class=\"wp-image-7684 size-medium\" src=\"https:\/\/buh-jesberg.de\/wp-content\/uploads\/2024\/08\/Konzert_24-08-2024_040-300x169.jpg\" alt=\"Bilder\" width=\"300\" height=\"169\" srcset=\"https:\/\/buh-jesberg.de\/wp-content\/uploads\/2024\/08\/Konzert_24-08-2024_040-300x169.jpg 300w, https:\/\/buh-jesberg.de\/wp-content\/uploads\/2024\/08\/Konzert_24-08-2024_040-1920x1080.jpg 1920w, https:\/\/buh-jesberg.de\/wp-content\/uploads\/2024\/08\/Konzert_24-08-2024_040-768x432.jpg 768w, https:\/\/buh-jesberg.de\/wp-content\/uploads\/2024\/08\/Konzert_24-08-2024_040-1536x864.jpg 1536w, https:\/\/buh-jesberg.de\/wp-content\/uploads\/2024\/08\/Konzert_24-08-2024_040-2048x1152.jpg 2048w\" sizes=\"(max-width: 300px) 100vw, 300px\" \/><\/a><figcaption id=\"caption-attachment-7684\" class=\"wp-caption-text\">Bilder<\/figcaption><\/figure><figure id=\"attachment_7727\" aria-describedby=\"caption-attachment-7727\" style=\"width: 300px\" class=\"wp-caption alignright\"><a href=\"https:\/\/youtu.be\/Mr2b7KApTm0\" target=\"_blank\" rel=\"noopener\"><img decoding=\"async\" class=\"wp-image-7727 size-medium\" src=\"https:\/\/buh-jesberg.de\/wp-content\/uploads\/2024\/08\/mp4-1-300x169.png\" alt=\"Video\" width=\"300\" height=\"169\" srcset=\"https:\/\/buh-jesberg.de\/wp-content\/uploads\/2024\/08\/mp4-1-300x169.png 300w, https:\/\/buh-jesberg.de\/wp-content\/uploads\/2024\/08\/mp4-1-768x432.png 768w, https:\/\/buh-jesberg.de\/wp-content\/uploads\/2024\/08\/mp4-1.png 960w\" sizes=\"(max-width: 300px) 100vw, 300px\" \/><\/a><figcaption id=\"caption-attachment-7727\" class=\"wp-caption-text\">Video<\/figcaption><\/figure><p style=\"text-align: center;\">Hier sehen Sie einige <a href=\"https:\/\/buh-jesberg.de\/index.php\/bilder_konzert_casa\/\">Bilder<\/a> und <a href=\"https:\/\/youtu.be\/Mr2b7KApTm0\" target=\"_blank\" rel=\"noopener\">Videos<\/a> von dem Konzert.<\/p>\t\t\t\t\t\t\t\t<\/div>\n\t\t\t\t<\/div>\n\t\t\t\t\t<\/div>\n\t\t<\/div>\n\t\t\t\t\t<\/div>\n\t\t<\/section>\n\t\t\t\t<\/div>\n\t\t","protected":false},"excerpt":{"rendered":"<p>Am Samstag den 24.08.2024 fand auf der Burg in Jesberg bei tollem Wetter ein Konzert des Quartetts CASA und dem Trio Tuesdames statt. Ab 18:00 Uhr war es m\u00f6glich sich [&hellip;]<\/p>\n","protected":false},"author":2,"featured_media":0,"parent":0,"menu_order":0,"comment_status":"closed","ping_status":"closed","template":"","meta":{"_monsterinsights_skip_tracking":false,"_monsterinsights_sitenote_active":false,"_monsterinsights_sitenote_note":"","_monsterinsights_sitenote_category":0,"footnotes":""},"class_list":["post-7704","page","type-page","status-publish","hentry"],"yoast_head":"<!-- This site is optimized with the Yoast SEO plugin v27.4 - https:\/\/yoast.com\/product\/yoast-seo-wordpress\/ -->\n<title>Konzert CASA und Tuesdames 24-08-2024 - Burg und Heimatverein Jesberg e.V.<\/title>\n<meta name=\"robots\" content=\"index, follow, max-snippet:-1, max-image-preview:large, max-video-preview:-1\" \/>\n<link rel=\"canonical\" href=\"https:\/\/buh-jesberg.de\/index.php\/konzert-casa-und-tuesdames-24-08-2024\/\" \/>\n<meta property=\"og:locale\" content=\"de_DE\" \/>\n<meta property=\"og:type\" content=\"article\" \/>\n<meta property=\"og:title\" content=\"Konzert CASA und Tuesdames 24-08-2024 - Burg und Heimatverein Jesberg e.V.\" \/>\n<meta property=\"og:description\" content=\"Am Samstag den 24.08.2024 fand auf der Burg in Jesberg bei tollem Wetter ein Konzert des Quartetts CASA und dem Trio Tuesdames statt. Ab 18:00 Uhr war es m\u00f6glich sich [&hellip;]\" \/>\n<meta property=\"og:url\" content=\"https:\/\/buh-jesberg.de\/index.php\/konzert-casa-und-tuesdames-24-08-2024\/\" \/>\n<meta property=\"og:site_name\" content=\"Burg und Heimatverein Jesberg e.V.\" \/>\n<meta property=\"article:modified_time\" content=\"2024-08-31T08:31:10+00:00\" \/>\n<meta property=\"og:image\" content=\"https:\/\/buh-jesberg.de\/wp-content\/uploads\/2024\/08\/Konzert_24-08-2024_040-300x169.jpg\" \/>\n<meta name=\"twitter:card\" content=\"summary_large_image\" \/>\n<meta name=\"twitter:label1\" content=\"Gesch\u00e4tzte Lesezeit\" \/>\n\t<meta name=\"twitter:data1\" content=\"2\u00a0Minuten\" \/>\n<script type=\"application\/ld+json\" class=\"yoast-schema-graph\">{\"@context\":\"https:\\\/\\\/schema.org\",\"@graph\":[{\"@type\":\"WebPage\",\"@id\":\"https:\\\/\\\/buh-jesberg.de\\\/index.php\\\/konzert-casa-und-tuesdames-24-08-2024\\\/\",\"url\":\"https:\\\/\\\/buh-jesberg.de\\\/index.php\\\/konzert-casa-und-tuesdames-24-08-2024\\\/\",\"name\":\"Konzert CASA und Tuesdames 24-08-2024 - Burg und Heimatverein Jesberg e.V.\",\"isPartOf\":{\"@id\":\"https:\\\/\\\/buh-jesberg.de\\\/#website\"},\"primaryImageOfPage\":{\"@id\":\"https:\\\/\\\/buh-jesberg.de\\\/index.php\\\/konzert-casa-und-tuesdames-24-08-2024\\\/#primaryimage\"},\"image\":{\"@id\":\"https:\\\/\\\/buh-jesberg.de\\\/index.php\\\/konzert-casa-und-tuesdames-24-08-2024\\\/#primaryimage\"},\"thumbnailUrl\":\"https:\\\/\\\/buh-jesberg.de\\\/wp-content\\\/uploads\\\/2024\\\/08\\\/Konzert_24-08-2024_040-300x169.jpg\",\"datePublished\":\"2024-08-27T12:27:53+00:00\",\"dateModified\":\"2024-08-31T08:31:10+00:00\",\"breadcrumb\":{\"@id\":\"https:\\\/\\\/buh-jesberg.de\\\/index.php\\\/konzert-casa-und-tuesdames-24-08-2024\\\/#breadcrumb\"},\"inLanguage\":\"de\",\"potentialAction\":[{\"@type\":\"ReadAction\",\"target\":[\"https:\\\/\\\/buh-jesberg.de\\\/index.php\\\/konzert-casa-und-tuesdames-24-08-2024\\\/\"]}]},{\"@type\":\"ImageObject\",\"inLanguage\":\"de\",\"@id\":\"https:\\\/\\\/buh-jesberg.de\\\/index.php\\\/konzert-casa-und-tuesdames-24-08-2024\\\/#primaryimage\",\"url\":\"https:\\\/\\\/buh-jesberg.de\\\/wp-content\\\/uploads\\\/2024\\\/08\\\/Konzert_24-08-2024_040.jpg\",\"contentUrl\":\"https:\\\/\\\/buh-jesberg.de\\\/wp-content\\\/uploads\\\/2024\\\/08\\\/Konzert_24-08-2024_040.jpg\",\"width\":2419,\"height\":1361},{\"@type\":\"BreadcrumbList\",\"@id\":\"https:\\\/\\\/buh-jesberg.de\\\/index.php\\\/konzert-casa-und-tuesdames-24-08-2024\\\/#breadcrumb\",\"itemListElement\":[{\"@type\":\"ListItem\",\"position\":1,\"name\":\"Startseite\",\"item\":\"https:\\\/\\\/buh-jesberg.de\\\/\"},{\"@type\":\"ListItem\",\"position\":2,\"name\":\"Konzert CASA und Tuesdames 24-08-2024\"}]},{\"@type\":\"WebSite\",\"@id\":\"https:\\\/\\\/buh-jesberg.de\\\/#website\",\"url\":\"https:\\\/\\\/buh-jesberg.de\\\/\",\"name\":\"Burg und Heimatverein Jesberg e.V.\",\"description\":\"Gemeinn\u00fctziger Verein in Jesberg\",\"publisher\":{\"@id\":\"https:\\\/\\\/buh-jesberg.de\\\/#organization\"},\"potentialAction\":[{\"@type\":\"SearchAction\",\"target\":{\"@type\":\"EntryPoint\",\"urlTemplate\":\"https:\\\/\\\/buh-jesberg.de\\\/?s={search_term_string}\"},\"query-input\":{\"@type\":\"PropertyValueSpecification\",\"valueRequired\":true,\"valueName\":\"search_term_string\"}}],\"inLanguage\":\"de\"},{\"@type\":\"Organization\",\"@id\":\"https:\\\/\\\/buh-jesberg.de\\\/#organization\",\"name\":\"Burg und Heimatverein Jesberg e.V.\",\"url\":\"https:\\\/\\\/buh-jesberg.de\\\/\",\"logo\":{\"@type\":\"ImageObject\",\"inLanguage\":\"de\",\"@id\":\"https:\\\/\\\/buh-jesberg.de\\\/#\\\/schema\\\/logo\\\/image\\\/\",\"url\":\"https:\\\/\\\/buh-jesberg.de\\\/wp-content\\\/uploads\\\/2023\\\/01\\\/Website_Logo-e1674580236324.jpg\",\"contentUrl\":\"https:\\\/\\\/buh-jesberg.de\\\/wp-content\\\/uploads\\\/2023\\\/01\\\/Website_Logo-e1674580236324.jpg\",\"width\":500,\"height\":501,\"caption\":\"Burg und Heimatverein Jesberg e.V.\"},\"image\":{\"@id\":\"https:\\\/\\\/buh-jesberg.de\\\/#\\\/schema\\\/logo\\\/image\\\/\"}}]}<\/script>\n<!-- \/ Yoast SEO plugin. -->","yoast_head_json":{"title":"Konzert CASA und Tuesdames 24-08-2024 - Burg und Heimatverein Jesberg e.V.","robots":{"index":"index","follow":"follow","max-snippet":"max-snippet:-1","max-image-preview":"max-image-preview:large","max-video-preview":"max-video-preview:-1"},"canonical":"https:\/\/buh-jesberg.de\/index.php\/konzert-casa-und-tuesdames-24-08-2024\/","og_locale":"de_DE","og_type":"article","og_title":"Konzert CASA und Tuesdames 24-08-2024 - Burg und Heimatverein Jesberg e.V.","og_description":"Am Samstag den 24.08.2024 fand auf der Burg in Jesberg bei tollem Wetter ein Konzert des Quartetts CASA und dem Trio Tuesdames statt. Ab 18:00 Uhr war es m\u00f6glich sich [&hellip;]","og_url":"https:\/\/buh-jesberg.de\/index.php\/konzert-casa-und-tuesdames-24-08-2024\/","og_site_name":"Burg und Heimatverein Jesberg e.V.","article_modified_time":"2024-08-31T08:31:10+00:00","og_image":[{"url":"https:\/\/buh-jesberg.de\/wp-content\/uploads\/2024\/08\/Konzert_24-08-2024_040-300x169.jpg","type":"","width":"","height":""}],"twitter_card":"summary_large_image","twitter_misc":{"Gesch\u00e4tzte Lesezeit":"2\u00a0Minuten"},"schema":{"@context":"https:\/\/schema.org","@graph":[{"@type":"WebPage","@id":"https:\/\/buh-jesberg.de\/index.php\/konzert-casa-und-tuesdames-24-08-2024\/","url":"https:\/\/buh-jesberg.de\/index.php\/konzert-casa-und-tuesdames-24-08-2024\/","name":"Konzert CASA und Tuesdames 24-08-2024 - Burg und Heimatverein Jesberg e.V.","isPartOf":{"@id":"https:\/\/buh-jesberg.de\/#website"},"primaryImageOfPage":{"@id":"https:\/\/buh-jesberg.de\/index.php\/konzert-casa-und-tuesdames-24-08-2024\/#primaryimage"},"image":{"@id":"https:\/\/buh-jesberg.de\/index.php\/konzert-casa-und-tuesdames-24-08-2024\/#primaryimage"},"thumbnailUrl":"https:\/\/buh-jesberg.de\/wp-content\/uploads\/2024\/08\/Konzert_24-08-2024_040-300x169.jpg","datePublished":"2024-08-27T12:27:53+00:00","dateModified":"2024-08-31T08:31:10+00:00","breadcrumb":{"@id":"https:\/\/buh-jesberg.de\/index.php\/konzert-casa-und-tuesdames-24-08-2024\/#breadcrumb"},"inLanguage":"de","potentialAction":[{"@type":"ReadAction","target":["https:\/\/buh-jesberg.de\/index.php\/konzert-casa-und-tuesdames-24-08-2024\/"]}]},{"@type":"ImageObject","inLanguage":"de","@id":"https:\/\/buh-jesberg.de\/index.php\/konzert-casa-und-tuesdames-24-08-2024\/#primaryimage","url":"https:\/\/buh-jesberg.de\/wp-content\/uploads\/2024\/08\/Konzert_24-08-2024_040.jpg","contentUrl":"https:\/\/buh-jesberg.de\/wp-content\/uploads\/2024\/08\/Konzert_24-08-2024_040.jpg","width":2419,"height":1361},{"@type":"BreadcrumbList","@id":"https:\/\/buh-jesberg.de\/index.php\/konzert-casa-und-tuesdames-24-08-2024\/#breadcrumb","itemListElement":[{"@type":"ListItem","position":1,"name":"Startseite","item":"https:\/\/buh-jesberg.de\/"},{"@type":"ListItem","position":2,"name":"Konzert CASA und Tuesdames 24-08-2024"}]},{"@type":"WebSite","@id":"https:\/\/buh-jesberg.de\/#website","url":"https:\/\/buh-jesberg.de\/","name":"Burg und Heimatverein Jesberg e.V.","description":"Gemeinn\u00fctziger Verein in Jesberg","publisher":{"@id":"https:\/\/buh-jesberg.de\/#organization"},"potentialAction":[{"@type":"SearchAction","target":{"@type":"EntryPoint","urlTemplate":"https:\/\/buh-jesberg.de\/?s={search_term_string}"},"query-input":{"@type":"PropertyValueSpecification","valueRequired":true,"valueName":"search_term_string"}}],"inLanguage":"de"},{"@type":"Organization","@id":"https:\/\/buh-jesberg.de\/#organization","name":"Burg und Heimatverein Jesberg e.V.","url":"https:\/\/buh-jesberg.de\/","logo":{"@type":"ImageObject","inLanguage":"de","@id":"https:\/\/buh-jesberg.de\/#\/schema\/logo\/image\/","url":"https:\/\/buh-jesberg.de\/wp-content\/uploads\/2023\/01\/Website_Logo-e1674580236324.jpg","contentUrl":"https:\/\/buh-jesberg.de\/wp-content\/uploads\/2023\/01\/Website_Logo-e1674580236324.jpg","width":500,"height":501,"caption":"Burg und Heimatverein Jesberg e.V."},"image":{"@id":"https:\/\/buh-jesberg.de\/#\/schema\/logo\/image\/"}}]}},"_links":{"self":[{"href":"https:\/\/buh-jesberg.de\/index.php\/wp-json\/wp\/v2\/pages\/7704","targetHints":{"allow":["GET"]}}],"collection":[{"href":"https:\/\/buh-jesberg.de\/index.php\/wp-json\/wp\/v2\/pages"}],"about":[{"href":"https:\/\/buh-jesberg.de\/index.php\/wp-json\/wp\/v2\/types\/page"}],"author":[{"embeddable":true,"href":"https:\/\/buh-jesberg.de\/index.php\/wp-json\/wp\/v2\/users\/2"}],"replies":[{"embeddable":true,"href":"https:\/\/buh-jesberg.de\/index.php\/wp-json\/wp\/v2\/comments?post=7704"}],"version-history":[{"count":42,"href":"https:\/\/buh-jesberg.de\/index.php\/wp-json\/wp\/v2\/pages\/7704\/revisions"}],"predecessor-version":[{"id":7754,"href":"https:\/\/buh-jesberg.de\/index.php\/wp-json\/wp\/v2\/pages\/7704\/revisions\/7754"}],"wp:attachment":[{"href":"https:\/\/buh-jesberg.de\/index.php\/wp-json\/wp\/v2\/media?parent=7704"}],"curies":[{"name":"wp","href":"https:\/\/api.w.org\/{rel}","templated":true}]}}