{"id":8635,"date":"2025-09-09T11:46:44","date_gmt":"2025-09-09T09:46:44","guid":{"rendered":"https:\/\/buh-jesberg.de\/?page_id=8635"},"modified":"2025-09-09T11:59:31","modified_gmt":"2025-09-09T09:59:31","slug":"konzert-der-friedrichsteiner-schlossbergmusikanten","status":"publish","type":"page","link":"https:\/\/buh-jesberg.de\/index.php\/konzert-der-friedrichsteiner-schlossbergmusikanten\/","title":{"rendered":"Konzert der Friedrichsteiner Schlossbergmusikanten"},"content":{"rendered":"\t\t<div data-elementor-type=\"wp-page\" data-elementor-id=\"8635\" class=\"elementor elementor-8635\" data-elementor-post-type=\"page\">\n\t\t\t\t\t\t<section class=\"elementor-section elementor-top-section elementor-element elementor-element-faf3536 elementor-section-boxed elementor-section-height-default elementor-section-height-default\" data-id=\"faf3536\" data-element_type=\"section\" data-e-type=\"section\">\n\t\t\t\t\t\t<div class=\"elementor-container elementor-column-gap-default\">\n\t\t\t\t\t<div class=\"elementor-column elementor-col-100 elementor-top-column elementor-element elementor-element-8cfc379\" data-id=\"8cfc379\" data-element_type=\"column\" data-e-type=\"column\">\n\t\t\t<div class=\"elementor-widget-wrap elementor-element-populated\">\n\t\t\t\t\t\t<div class=\"elementor-element elementor-element-ffdfd56 elementor-widget elementor-widget-text-editor\" data-id=\"ffdfd56\" data-element_type=\"widget\" data-e-type=\"widget\" data-widget_type=\"text-editor.default\">\n\t\t\t\t<div class=\"elementor-widget-container\">\n\t\t\t\t\t\t\t\t\t<p><strong>Konzert der Friedrichsteiner Schlossbergmusikanten auf der Burg Jesberg<\/strong><\/p><p>Am 23.\u202fAugust\u202f2025 fand auf dem Gel\u00e4nde der Burg Jesberg ein Konzert mit den Friedrichsteiner Schlossbergmusikanten statt. Nachdem der Burg- und Heimatverein Jesberg\u202fe.\u202fV. alle Vorbereitungen abgeschlossen hatte, \u00f6ffnete sich das Schlossberggel\u00e4nde ab 18:00\u202fUhr f\u00fcr die Besucher. Bereits zu diesem Zeitpunkt standen Bratwurst vom Grill, Bier und verschiedene Weine bereit, um die G\u00e4ste kulinarisch zu verw\u00f6hnen.<\/p><p>P\u00fcnktlich um 19:30\u202fUhr begann das Konzert. Nach dem ersten Musikst\u00fcck begr\u00fc\u00dften die Vereinsvorsitzenden Susanne Bannenberg und Harald England das Publikum und das Orchester und w\u00fcnschten allen einen sch\u00f6nen Abend. Im Anschluss bedankte sich der musikalische Leiter der Friedrichsteiner Schlossbergmusikanten, Frank Parlow, f\u00fcr die Einladung und richtete seinerseits herzliche Worte an die Zuh\u00f6rer.<\/p><p>Das Repertoire des Abends war vielseitig und reichte von Medleys der Gruppen ABBA und Queen bis zu bekannten Melodien aus verschiedenen Musicals. Die einzelnen St\u00fccke wurden jeweils von kurzen Kommentaren begleitet, die den Ursprung, die Entstehungszeit und die Hintergr\u00fcnde der Musik erl\u00e4uterten. Die Besucher zeigten sich begeistert, und die Stimmung war von Anfang an sehr positiv.<\/p><p>Nach rund einer Stunde Spielzeit legte das Orchester eine etwa 30\u2011min\u00fctige Pause ein, die von vielen G\u00e4sten f\u00fcr eine kleine St\u00e4rkung genutzt wurde. Anschlie\u00dfend ging es schwungvoll weiter, und ehe man sich versah, neigte sich der Konzertabend bereits dem Ende zu. Nach mehreren Zugaben endete die Veranstaltung gegen 22:15\u202fUhr.<\/p><p>Der Burg- und Heimatverein Jesberg\u202fe.\u202fV. bedankt sich herzlich bei den rund 60 Besuchern sowie bei den Friedrichsteiner Schlossbergmusikanten f\u00fcr die gute Stimmung und die hervorragende musikalische Darbietung.<\/p><p><strong>Nachsatz:<\/strong> Bedauerlicherweise nahmen nur etwa 20 B\u00fcrgerinnen und B\u00fcrger aus Jesberg selbst am Konzert teil. Umso erfreulicher war die \u00fcberregionale Resonanz: G\u00e4ste aus den Ortsteilen sowie aus benachbarten Gemeinden fanden den Weg zur Burg und trugen zum Erfolg dieses Abends bei.<\/p><p><strong>Ausblick:<\/strong> Die positive Resonanz best\u00e4rkt den Verein darin, auch k\u00fcnftig kulturelle Veranstaltungen in der einzigartigen Kulisse der Burg Jesberg zu organisieren, um Musik und Gemeinschaft in der Region lebendig zu halten.<\/p><p>Zur den <a href=\"https:\/\/buh-jesberg.de\/index.php\/bilder-friedrichsteiner-schlossbergmusikanten\/\">Bildern<\/a>!<\/p><p>Hier die Links zu den Videos:<br \/><a href=\"https:\/\/youtu.be\/D_546fOMgsg\">https:\/\/youtu.be\/D_546fOMgsg<\/a> Karl May<br \/><a href=\"https:\/\/youtu.be\/S_TfT-PSc0c\">https:\/\/youtu.be\/S_TfT-PSc0c<\/a> Sound of Silence<br \/><a href=\"https:\/\/youtu.be\/to3oZxXich8\">https:\/\/youtu.be\/to3oZxXich8<\/a> Kinderlieder<br \/><a href=\"https:\/\/youtu.be\/vG_bcr31ORs\">https:\/\/youtu.be\/vG_bcr31ORs<\/a> Fernado<br \/><a href=\"https:\/\/youtu.be\/Xj_jRY_J6yE\">https:\/\/youtu.be\/Xj_jRY_J6yE<\/a> Sweet Caroline<br \/><a href=\"https:\/\/youtu.be\/SJrIkxbZcmg\">https:\/\/youtu.be\/SJrIkxbZcmg<\/a> Medley Queen<br \/><a href=\"https:\/\/youtu.be\/SeE4XFuMUFw\">https:\/\/youtu.be\/SeE4XFuMUFw<\/a> Heal the World<\/p>\t\t\t\t\t\t\t\t<\/div>\n\t\t\t\t<\/div>\n\t\t\t\t\t<\/div>\n\t\t<\/div>\n\t\t\t\t\t<\/div>\n\t\t<\/section>\n\t\t\t\t<\/div>\n\t\t","protected":false},"excerpt":{"rendered":"<p>Konzert der Friedrichsteiner Schlossbergmusikanten auf der Burg Jesberg Am 23.\u202fAugust\u202f2025 fand auf dem Gel\u00e4nde der Burg Jesberg ein Konzert mit den Friedrichsteiner Schlossbergmusikanten statt. Nachdem der Burg- und Heimatverein Jesberg\u202fe.\u202fV. [&hellip;]<\/p>\n","protected":false},"author":2,"featured_media":0,"parent":0,"menu_order":0,"comment_status":"closed","ping_status":"closed","template":"","meta":{"_monsterinsights_skip_tracking":false,"_monsterinsights_sitenote_active":false,"_monsterinsights_sitenote_note":"","_monsterinsights_sitenote_category":0,"footnotes":""},"class_list":["post-8635","page","type-page","status-publish","hentry"],"yoast_head":"<!-- This site is optimized with the Yoast SEO plugin v27.4 - https:\/\/yoast.com\/product\/yoast-seo-wordpress\/ -->\n<title>Konzert der Friedrichsteiner Schlossbergmusikanten - Burg und Heimatverein Jesberg e.V.<\/title>\n<meta name=\"robots\" content=\"index, follow, max-snippet:-1, max-image-preview:large, max-video-preview:-1\" \/>\n<link rel=\"canonical\" href=\"https:\/\/buh-jesberg.de\/index.php\/konzert-der-friedrichsteiner-schlossbergmusikanten\/\" \/>\n<meta property=\"og:locale\" content=\"de_DE\" \/>\n<meta property=\"og:type\" content=\"article\" \/>\n<meta property=\"og:title\" content=\"Konzert der Friedrichsteiner Schlossbergmusikanten - Burg und Heimatverein Jesberg e.V.\" \/>\n<meta property=\"og:description\" content=\"Konzert der Friedrichsteiner Schlossbergmusikanten auf der Burg Jesberg Am 23.\u202fAugust\u202f2025 fand auf dem Gel\u00e4nde der Burg Jesberg ein Konzert mit den Friedrichsteiner Schlossbergmusikanten statt. Nachdem der Burg- und Heimatverein Jesberg\u202fe.\u202fV. [&hellip;]\" \/>\n<meta property=\"og:url\" content=\"https:\/\/buh-jesberg.de\/index.php\/konzert-der-friedrichsteiner-schlossbergmusikanten\/\" \/>\n<meta property=\"og:site_name\" content=\"Burg und Heimatverein Jesberg e.V.\" \/>\n<meta property=\"article:modified_time\" content=\"2025-09-09T09:59:31+00:00\" \/>\n<meta name=\"twitter:card\" content=\"summary_large_image\" \/>\n<meta name=\"twitter:label1\" content=\"Gesch\u00e4tzte Lesezeit\" \/>\n\t<meta name=\"twitter:data1\" content=\"2\u00a0Minuten\" \/>\n<script type=\"application\/ld+json\" class=\"yoast-schema-graph\">{\"@context\":\"https:\\\/\\\/schema.org\",\"@graph\":[{\"@type\":\"WebPage\",\"@id\":\"https:\\\/\\\/buh-jesberg.de\\\/index.php\\\/konzert-der-friedrichsteiner-schlossbergmusikanten\\\/\",\"url\":\"https:\\\/\\\/buh-jesberg.de\\\/index.php\\\/konzert-der-friedrichsteiner-schlossbergmusikanten\\\/\",\"name\":\"Konzert der Friedrichsteiner Schlossbergmusikanten - Burg und Heimatverein Jesberg e.V.\",\"isPartOf\":{\"@id\":\"https:\\\/\\\/buh-jesberg.de\\\/#website\"},\"datePublished\":\"2025-09-09T09:46:44+00:00\",\"dateModified\":\"2025-09-09T09:59:31+00:00\",\"breadcrumb\":{\"@id\":\"https:\\\/\\\/buh-jesberg.de\\\/index.php\\\/konzert-der-friedrichsteiner-schlossbergmusikanten\\\/#breadcrumb\"},\"inLanguage\":\"de\",\"potentialAction\":[{\"@type\":\"ReadAction\",\"target\":[\"https:\\\/\\\/buh-jesberg.de\\\/index.php\\\/konzert-der-friedrichsteiner-schlossbergmusikanten\\\/\"]}]},{\"@type\":\"BreadcrumbList\",\"@id\":\"https:\\\/\\\/buh-jesberg.de\\\/index.php\\\/konzert-der-friedrichsteiner-schlossbergmusikanten\\\/#breadcrumb\",\"itemListElement\":[{\"@type\":\"ListItem\",\"position\":1,\"name\":\"Startseite\",\"item\":\"https:\\\/\\\/buh-jesberg.de\\\/\"},{\"@type\":\"ListItem\",\"position\":2,\"name\":\"Konzert der Friedrichsteiner Schlossbergmusikanten\"}]},{\"@type\":\"WebSite\",\"@id\":\"https:\\\/\\\/buh-jesberg.de\\\/#website\",\"url\":\"https:\\\/\\\/buh-jesberg.de\\\/\",\"name\":\"Burg und Heimatverein Jesberg e.V.\",\"description\":\"Gemeinn\u00fctziger Verein in Jesberg\",\"publisher\":{\"@id\":\"https:\\\/\\\/buh-jesberg.de\\\/#organization\"},\"potentialAction\":[{\"@type\":\"SearchAction\",\"target\":{\"@type\":\"EntryPoint\",\"urlTemplate\":\"https:\\\/\\\/buh-jesberg.de\\\/?s={search_term_string}\"},\"query-input\":{\"@type\":\"PropertyValueSpecification\",\"valueRequired\":true,\"valueName\":\"search_term_string\"}}],\"inLanguage\":\"de\"},{\"@type\":\"Organization\",\"@id\":\"https:\\\/\\\/buh-jesberg.de\\\/#organization\",\"name\":\"Burg und Heimatverein Jesberg e.V.\",\"url\":\"https:\\\/\\\/buh-jesberg.de\\\/\",\"logo\":{\"@type\":\"ImageObject\",\"inLanguage\":\"de\",\"@id\":\"https:\\\/\\\/buh-jesberg.de\\\/#\\\/schema\\\/logo\\\/image\\\/\",\"url\":\"https:\\\/\\\/buh-jesberg.de\\\/wp-content\\\/uploads\\\/2023\\\/01\\\/Website_Logo-e1674580236324.jpg\",\"contentUrl\":\"https:\\\/\\\/buh-jesberg.de\\\/wp-content\\\/uploads\\\/2023\\\/01\\\/Website_Logo-e1674580236324.jpg\",\"width\":500,\"height\":501,\"caption\":\"Burg und Heimatverein Jesberg e.V.\"},\"image\":{\"@id\":\"https:\\\/\\\/buh-jesberg.de\\\/#\\\/schema\\\/logo\\\/image\\\/\"}}]}<\/script>\n<!-- \/ Yoast SEO plugin. -->","yoast_head_json":{"title":"Konzert der Friedrichsteiner Schlossbergmusikanten - Burg und Heimatverein Jesberg e.V.","robots":{"index":"index","follow":"follow","max-snippet":"max-snippet:-1","max-image-preview":"max-image-preview:large","max-video-preview":"max-video-preview:-1"},"canonical":"https:\/\/buh-jesberg.de\/index.php\/konzert-der-friedrichsteiner-schlossbergmusikanten\/","og_locale":"de_DE","og_type":"article","og_title":"Konzert der Friedrichsteiner Schlossbergmusikanten - Burg und Heimatverein Jesberg e.V.","og_description":"Konzert der Friedrichsteiner Schlossbergmusikanten auf der Burg Jesberg Am 23.\u202fAugust\u202f2025 fand auf dem Gel\u00e4nde der Burg Jesberg ein Konzert mit den Friedrichsteiner Schlossbergmusikanten statt. Nachdem der Burg- und Heimatverein Jesberg\u202fe.\u202fV. [&hellip;]","og_url":"https:\/\/buh-jesberg.de\/index.php\/konzert-der-friedrichsteiner-schlossbergmusikanten\/","og_site_name":"Burg und Heimatverein Jesberg e.V.","article_modified_time":"2025-09-09T09:59:31+00:00","twitter_card":"summary_large_image","twitter_misc":{"Gesch\u00e4tzte Lesezeit":"2\u00a0Minuten"},"schema":{"@context":"https:\/\/schema.org","@graph":[{"@type":"WebPage","@id":"https:\/\/buh-jesberg.de\/index.php\/konzert-der-friedrichsteiner-schlossbergmusikanten\/","url":"https:\/\/buh-jesberg.de\/index.php\/konzert-der-friedrichsteiner-schlossbergmusikanten\/","name":"Konzert der Friedrichsteiner Schlossbergmusikanten - Burg und Heimatverein Jesberg e.V.","isPartOf":{"@id":"https:\/\/buh-jesberg.de\/#website"},"datePublished":"2025-09-09T09:46:44+00:00","dateModified":"2025-09-09T09:59:31+00:00","breadcrumb":{"@id":"https:\/\/buh-jesberg.de\/index.php\/konzert-der-friedrichsteiner-schlossbergmusikanten\/#breadcrumb"},"inLanguage":"de","potentialAction":[{"@type":"ReadAction","target":["https:\/\/buh-jesberg.de\/index.php\/konzert-der-friedrichsteiner-schlossbergmusikanten\/"]}]},{"@type":"BreadcrumbList","@id":"https:\/\/buh-jesberg.de\/index.php\/konzert-der-friedrichsteiner-schlossbergmusikanten\/#breadcrumb","itemListElement":[{"@type":"ListItem","position":1,"name":"Startseite","item":"https:\/\/buh-jesberg.de\/"},{"@type":"ListItem","position":2,"name":"Konzert der Friedrichsteiner Schlossbergmusikanten"}]},{"@type":"WebSite","@id":"https:\/\/buh-jesberg.de\/#website","url":"https:\/\/buh-jesberg.de\/","name":"Burg und Heimatverein Jesberg e.V.","description":"Gemeinn\u00fctziger Verein in Jesberg","publisher":{"@id":"https:\/\/buh-jesberg.de\/#organization"},"potentialAction":[{"@type":"SearchAction","target":{"@type":"EntryPoint","urlTemplate":"https:\/\/buh-jesberg.de\/?s={search_term_string}"},"query-input":{"@type":"PropertyValueSpecification","valueRequired":true,"valueName":"search_term_string"}}],"inLanguage":"de"},{"@type":"Organization","@id":"https:\/\/buh-jesberg.de\/#organization","name":"Burg und Heimatverein Jesberg e.V.","url":"https:\/\/buh-jesberg.de\/","logo":{"@type":"ImageObject","inLanguage":"de","@id":"https:\/\/buh-jesberg.de\/#\/schema\/logo\/image\/","url":"https:\/\/buh-jesberg.de\/wp-content\/uploads\/2023\/01\/Website_Logo-e1674580236324.jpg","contentUrl":"https:\/\/buh-jesberg.de\/wp-content\/uploads\/2023\/01\/Website_Logo-e1674580236324.jpg","width":500,"height":501,"caption":"Burg und Heimatverein Jesberg e.V."},"image":{"@id":"https:\/\/buh-jesberg.de\/#\/schema\/logo\/image\/"}}]}},"_links":{"self":[{"href":"https:\/\/buh-jesberg.de\/index.php\/wp-json\/wp\/v2\/pages\/8635","targetHints":{"allow":["GET"]}}],"collection":[{"href":"https:\/\/buh-jesberg.de\/index.php\/wp-json\/wp\/v2\/pages"}],"about":[{"href":"https:\/\/buh-jesberg.de\/index.php\/wp-json\/wp\/v2\/types\/page"}],"author":[{"embeddable":true,"href":"https:\/\/buh-jesberg.de\/index.php\/wp-json\/wp\/v2\/users\/2"}],"replies":[{"embeddable":true,"href":"https:\/\/buh-jesberg.de\/index.php\/wp-json\/wp\/v2\/comments?post=8635"}],"version-history":[{"count":9,"href":"https:\/\/buh-jesberg.de\/index.php\/wp-json\/wp\/v2\/pages\/8635\/revisions"}],"predecessor-version":[{"id":8651,"href":"https:\/\/buh-jesberg.de\/index.php\/wp-json\/wp\/v2\/pages\/8635\/revisions\/8651"}],"wp:attachment":[{"href":"https:\/\/buh-jesberg.de\/index.php\/wp-json\/wp\/v2\/media?parent=8635"}],"curies":[{"name":"wp","href":"https:\/\/api.w.org\/{rel}","templated":true}]}}