{"id":8845,"date":"2025-12-20T15:31:11","date_gmt":"2025-12-20T14:31:11","guid":{"rendered":"https:\/\/buh-jesberg.de\/?page_id=8845"},"modified":"2025-12-20T15:32:37","modified_gmt":"2025-12-20T14:32:37","slug":"weihnachtsfeier-2025","status":"publish","type":"page","link":"https:\/\/buh-jesberg.de\/index.php\/weihnachtsfeier-2025\/","title":{"rendered":"Weihnachtsfeier 2025"},"content":{"rendered":"\t\t<div data-elementor-type=\"wp-page\" data-elementor-id=\"8845\" class=\"elementor elementor-8845\" data-elementor-post-type=\"page\">\n\t\t\t\t\t\t<section class=\"elementor-section elementor-top-section elementor-element elementor-element-dd614a8 elementor-section-boxed elementor-section-height-default elementor-section-height-default\" data-id=\"dd614a8\" data-element_type=\"section\" data-e-type=\"section\">\n\t\t\t\t\t\t<div class=\"elementor-container elementor-column-gap-default\">\n\t\t\t\t\t<div class=\"elementor-column elementor-col-100 elementor-top-column elementor-element elementor-element-5a1c1c6\" data-id=\"5a1c1c6\" data-element_type=\"column\" data-e-type=\"column\">\n\t\t\t<div class=\"elementor-widget-wrap elementor-element-populated\">\n\t\t\t\t\t\t<div class=\"elementor-element elementor-element-b6b327b elementor-widget elementor-widget-text-editor\" data-id=\"b6b327b\" data-element_type=\"widget\" data-e-type=\"widget\" data-widget_type=\"text-editor.default\">\n\t\t\t\t<div class=\"elementor-widget-container\">\n\t\t\t\t\t\t\t\t\t<p>Die diesj\u00e4hrige Weihnachtsfeier fand im Saal des Maximilian Schl\u00f6sschens statt. Die festlich dekorierten Tische sorgten f\u00fcr die weihnachtliche Stimmung.<\/p><p>Der Vorstand, Susanne Bannenberg und Harald England, begr\u00fc\u00dft um 18:30 Uhr alle Vereinsmitglieder und G\u00e4ste zur Weihnachtsfeier und zum Jahresabschluss.<\/p><p>Nach der Begr\u00fc\u00dfung wurde der Verlauf des Abends bekannt gegeben. Folgende Punkte wurden, immer mit kleinen Unterbrechungen \u00fcber den Abend verteilt, pr\u00e4sentiert und besprochen.<\/p><ul><li>Imagefilm des Burg- und Heimatverein Jesberg e.V.<\/li><li>Gemeinsames Essen<\/li><li>Unbekannte Bilder, wer kennt das Haus oder die Personen?<\/li><li>Termine f\u00fcr das n\u00e4chste Jahr!<\/li><li>Info zum Prinzessinnengarten, was ist geplant!<\/li><li>Pr\u00e4sentation von verschieden Bilderserien: W\u00fcstegarten, K\u00f6hlerfest, Keltenweg!<\/li><\/ul><p><br \/>Nach der Bekanntgabe des Programms und ein paar Minuten der Unterhaltung wurde das Pizza-B\u00fcfett er\u00f6ffnet.<br \/>Nach dem Essen wurden Bilder von verteilt. Hierauf waren Personen zu sehen, die vielen namentlich nicht bekannt waren. Einige der Vereinsmitglieder und G\u00e4ste erkannten Peronen, die dann aufgeschrieben wurden. Das galt auch f\u00fcr H\u00e4user, die heute zum Teil nicht mehr stehen oder durch Umbau nicht mehr zu erkennen waren. Dieser Teil des Abends war sehr unterhaltsam und hat dazu beigetragen die Bilder sorgf\u00e4ltig zu archivieren.<\/p><p>Anschlie\u00dfend folgten noch die Bekanntgabe der Termine und das geplante Vorgehen um den Prinzessinnengarten wieder attraktiver zu gestalten. Der Abschluss der Weihnachtsfeier war die Bilderpr\u00e4sentation.<\/p><p>Es war ein gelungener Abend mit guten Gespr\u00e4chen und vielen neuen Informationen. Die Weihnachtsfeier endete gegen 23:00 Uhr.<\/p><p>Der Vorstand dankt allen Helfern f\u00fcr das Engagement.<\/p><p>Noch ein Hinweis f\u00fcr alle Vereinsmitglieder und Freunde des Vereins. Wir sind auf der Suche nach \u00e4lteren Bildern, die den Prinzessinnengarten und die Burg mit Veranstaltungen zeigen. Dieses Bildmaterial k\u00f6nnen Sie bei Herrn England \u2014\u00a0<a href=\"mailto:he.jesberg@outlook.de\">he.jesberg@outlook.de<\/a>\u00a0\u2014 anmelden und dann einen \u00dcbergabetermin vereinbaren.<\/p><p>Viele weihnachtliche Gr\u00fc\u00dfe<\/p><p>Der Vorstand des<\/p><p>Burg- und Heimatverein Jesberg e.V.<\/p><p>\u00a0<\/p>\t\t\t\t\t\t\t\t<\/div>\n\t\t\t\t<\/div>\n\t\t\t\t\t<\/div>\n\t\t<\/div>\n\t\t\t\t\t<\/div>\n\t\t<\/section>\n\t\t\t\t<\/div>\n\t\t","protected":false},"excerpt":{"rendered":"<p>Die diesj\u00e4hrige Weihnachtsfeier fand im Saal des Maximilian Schl\u00f6sschens statt. Die festlich dekorierten Tische sorgten f\u00fcr die weihnachtliche Stimmung. Der Vorstand, Susanne Bannenberg und Harald England, begr\u00fc\u00dft um 18:30 Uhr [&hellip;]<\/p>\n","protected":false},"author":2,"featured_media":0,"parent":0,"menu_order":0,"comment_status":"closed","ping_status":"closed","template":"","meta":{"_monsterinsights_skip_tracking":false,"_monsterinsights_sitenote_active":false,"_monsterinsights_sitenote_note":"","_monsterinsights_sitenote_category":0,"footnotes":""},"class_list":["post-8845","page","type-page","status-publish","hentry"],"yoast_head":"<!-- This site is optimized with the Yoast SEO plugin v27.5 - https:\/\/yoast.com\/product\/yoast-seo-wordpress\/ -->\n<title>Weihnachtsfeier 2025 - Burg und Heimatverein Jesberg e.V.<\/title>\n<meta name=\"robots\" content=\"index, follow, max-snippet:-1, max-image-preview:large, max-video-preview:-1\" \/>\n<link rel=\"canonical\" href=\"https:\/\/buh-jesberg.de\/index.php\/weihnachtsfeier-2025\/\" \/>\n<meta property=\"og:locale\" content=\"de_DE\" \/>\n<meta property=\"og:type\" content=\"article\" \/>\n<meta property=\"og:title\" content=\"Weihnachtsfeier 2025 - Burg und Heimatverein Jesberg e.V.\" \/>\n<meta property=\"og:description\" content=\"Die diesj\u00e4hrige Weihnachtsfeier fand im Saal des Maximilian Schl\u00f6sschens statt. Die festlich dekorierten Tische sorgten f\u00fcr die weihnachtliche Stimmung. Der Vorstand, Susanne Bannenberg und Harald England, begr\u00fc\u00dft um 18:30 Uhr [&hellip;]\" \/>\n<meta property=\"og:url\" content=\"https:\/\/buh-jesberg.de\/index.php\/weihnachtsfeier-2025\/\" \/>\n<meta property=\"og:site_name\" content=\"Burg und Heimatverein Jesberg e.V.\" \/>\n<meta property=\"article:modified_time\" content=\"2025-12-20T14:32:37+00:00\" \/>\n<meta name=\"twitter:card\" content=\"summary_large_image\" \/>\n<meta name=\"twitter:label1\" content=\"Gesch\u00e4tzte Lesezeit\" \/>\n\t<meta name=\"twitter:data1\" content=\"2\u00a0Minuten\" \/>\n<script type=\"application\/ld+json\" class=\"yoast-schema-graph\">{\"@context\":\"https:\\\/\\\/schema.org\",\"@graph\":[{\"@type\":\"WebPage\",\"@id\":\"https:\\\/\\\/buh-jesberg.de\\\/index.php\\\/weihnachtsfeier-2025\\\/\",\"url\":\"https:\\\/\\\/buh-jesberg.de\\\/index.php\\\/weihnachtsfeier-2025\\\/\",\"name\":\"Weihnachtsfeier 2025 - Burg und Heimatverein Jesberg e.V.\",\"isPartOf\":{\"@id\":\"https:\\\/\\\/buh-jesberg.de\\\/#website\"},\"datePublished\":\"2025-12-20T14:31:11+00:00\",\"dateModified\":\"2025-12-20T14:32:37+00:00\",\"breadcrumb\":{\"@id\":\"https:\\\/\\\/buh-jesberg.de\\\/index.php\\\/weihnachtsfeier-2025\\\/#breadcrumb\"},\"inLanguage\":\"de\",\"potentialAction\":[{\"@type\":\"ReadAction\",\"target\":[\"https:\\\/\\\/buh-jesberg.de\\\/index.php\\\/weihnachtsfeier-2025\\\/\"]}]},{\"@type\":\"BreadcrumbList\",\"@id\":\"https:\\\/\\\/buh-jesberg.de\\\/index.php\\\/weihnachtsfeier-2025\\\/#breadcrumb\",\"itemListElement\":[{\"@type\":\"ListItem\",\"position\":1,\"name\":\"Startseite\",\"item\":\"https:\\\/\\\/buh-jesberg.de\\\/\"},{\"@type\":\"ListItem\",\"position\":2,\"name\":\"Weihnachtsfeier 2025\"}]},{\"@type\":\"WebSite\",\"@id\":\"https:\\\/\\\/buh-jesberg.de\\\/#website\",\"url\":\"https:\\\/\\\/buh-jesberg.de\\\/\",\"name\":\"Burg und Heimatverein Jesberg e.V.\",\"description\":\"Gemeinn\u00fctziger Verein in Jesberg\",\"publisher\":{\"@id\":\"https:\\\/\\\/buh-jesberg.de\\\/#organization\"},\"potentialAction\":[{\"@type\":\"SearchAction\",\"target\":{\"@type\":\"EntryPoint\",\"urlTemplate\":\"https:\\\/\\\/buh-jesberg.de\\\/?s={search_term_string}\"},\"query-input\":{\"@type\":\"PropertyValueSpecification\",\"valueRequired\":true,\"valueName\":\"search_term_string\"}}],\"inLanguage\":\"de\"},{\"@type\":\"Organization\",\"@id\":\"https:\\\/\\\/buh-jesberg.de\\\/#organization\",\"name\":\"Burg und Heimatverein Jesberg e.V.\",\"url\":\"https:\\\/\\\/buh-jesberg.de\\\/\",\"logo\":{\"@type\":\"ImageObject\",\"inLanguage\":\"de\",\"@id\":\"https:\\\/\\\/buh-jesberg.de\\\/#\\\/schema\\\/logo\\\/image\\\/\",\"url\":\"https:\\\/\\\/buh-jesberg.de\\\/wp-content\\\/uploads\\\/2023\\\/01\\\/Website_Logo-e1674580236324.jpg\",\"contentUrl\":\"https:\\\/\\\/buh-jesberg.de\\\/wp-content\\\/uploads\\\/2023\\\/01\\\/Website_Logo-e1674580236324.jpg\",\"width\":500,\"height\":501,\"caption\":\"Burg und Heimatverein Jesberg e.V.\"},\"image\":{\"@id\":\"https:\\\/\\\/buh-jesberg.de\\\/#\\\/schema\\\/logo\\\/image\\\/\"}}]}<\/script>\n<!-- \/ Yoast SEO plugin. -->","yoast_head_json":{"title":"Weihnachtsfeier 2025 - Burg und Heimatverein Jesberg e.V.","robots":{"index":"index","follow":"follow","max-snippet":"max-snippet:-1","max-image-preview":"max-image-preview:large","max-video-preview":"max-video-preview:-1"},"canonical":"https:\/\/buh-jesberg.de\/index.php\/weihnachtsfeier-2025\/","og_locale":"de_DE","og_type":"article","og_title":"Weihnachtsfeier 2025 - Burg und Heimatverein Jesberg e.V.","og_description":"Die diesj\u00e4hrige Weihnachtsfeier fand im Saal des Maximilian Schl\u00f6sschens statt. Die festlich dekorierten Tische sorgten f\u00fcr die weihnachtliche Stimmung. Der Vorstand, Susanne Bannenberg und Harald England, begr\u00fc\u00dft um 18:30 Uhr [&hellip;]","og_url":"https:\/\/buh-jesberg.de\/index.php\/weihnachtsfeier-2025\/","og_site_name":"Burg und Heimatverein Jesberg e.V.","article_modified_time":"2025-12-20T14:32:37+00:00","twitter_card":"summary_large_image","twitter_misc":{"Gesch\u00e4tzte Lesezeit":"2\u00a0Minuten"},"schema":{"@context":"https:\/\/schema.org","@graph":[{"@type":"WebPage","@id":"https:\/\/buh-jesberg.de\/index.php\/weihnachtsfeier-2025\/","url":"https:\/\/buh-jesberg.de\/index.php\/weihnachtsfeier-2025\/","name":"Weihnachtsfeier 2025 - Burg und Heimatverein Jesberg e.V.","isPartOf":{"@id":"https:\/\/buh-jesberg.de\/#website"},"datePublished":"2025-12-20T14:31:11+00:00","dateModified":"2025-12-20T14:32:37+00:00","breadcrumb":{"@id":"https:\/\/buh-jesberg.de\/index.php\/weihnachtsfeier-2025\/#breadcrumb"},"inLanguage":"de","potentialAction":[{"@type":"ReadAction","target":["https:\/\/buh-jesberg.de\/index.php\/weihnachtsfeier-2025\/"]}]},{"@type":"BreadcrumbList","@id":"https:\/\/buh-jesberg.de\/index.php\/weihnachtsfeier-2025\/#breadcrumb","itemListElement":[{"@type":"ListItem","position":1,"name":"Startseite","item":"https:\/\/buh-jesberg.de\/"},{"@type":"ListItem","position":2,"name":"Weihnachtsfeier 2025"}]},{"@type":"WebSite","@id":"https:\/\/buh-jesberg.de\/#website","url":"https:\/\/buh-jesberg.de\/","name":"Burg und Heimatverein Jesberg e.V.","description":"Gemeinn\u00fctziger Verein in Jesberg","publisher":{"@id":"https:\/\/buh-jesberg.de\/#organization"},"potentialAction":[{"@type":"SearchAction","target":{"@type":"EntryPoint","urlTemplate":"https:\/\/buh-jesberg.de\/?s={search_term_string}"},"query-input":{"@type":"PropertyValueSpecification","valueRequired":true,"valueName":"search_term_string"}}],"inLanguage":"de"},{"@type":"Organization","@id":"https:\/\/buh-jesberg.de\/#organization","name":"Burg und Heimatverein Jesberg e.V.","url":"https:\/\/buh-jesberg.de\/","logo":{"@type":"ImageObject","inLanguage":"de","@id":"https:\/\/buh-jesberg.de\/#\/schema\/logo\/image\/","url":"https:\/\/buh-jesberg.de\/wp-content\/uploads\/2023\/01\/Website_Logo-e1674580236324.jpg","contentUrl":"https:\/\/buh-jesberg.de\/wp-content\/uploads\/2023\/01\/Website_Logo-e1674580236324.jpg","width":500,"height":501,"caption":"Burg und Heimatverein Jesberg e.V."},"image":{"@id":"https:\/\/buh-jesberg.de\/#\/schema\/logo\/image\/"}}]}},"_links":{"self":[{"href":"https:\/\/buh-jesberg.de\/index.php\/wp-json\/wp\/v2\/pages\/8845","targetHints":{"allow":["GET"]}}],"collection":[{"href":"https:\/\/buh-jesberg.de\/index.php\/wp-json\/wp\/v2\/pages"}],"about":[{"href":"https:\/\/buh-jesberg.de\/index.php\/wp-json\/wp\/v2\/types\/page"}],"author":[{"embeddable":true,"href":"https:\/\/buh-jesberg.de\/index.php\/wp-json\/wp\/v2\/users\/2"}],"replies":[{"embeddable":true,"href":"https:\/\/buh-jesberg.de\/index.php\/wp-json\/wp\/v2\/comments?post=8845"}],"version-history":[{"count":3,"href":"https:\/\/buh-jesberg.de\/index.php\/wp-json\/wp\/v2\/pages\/8845\/revisions"}],"predecessor-version":[{"id":8848,"href":"https:\/\/buh-jesberg.de\/index.php\/wp-json\/wp\/v2\/pages\/8845\/revisions\/8848"}],"wp:attachment":[{"href":"https:\/\/buh-jesberg.de\/index.php\/wp-json\/wp\/v2\/media?parent=8845"}],"curies":[{"name":"wp","href":"https:\/\/api.w.org\/{rel}","templated":true}]}}