{"id":8744,"date":"2025-11-27T17:08:28","date_gmt":"2025-11-27T16:08:28","guid":{"rendered":"https:\/\/buh-jesberg.de\/?post_type=tribe_events&#038;p=8744"},"modified":"2026-04-25T09:17:43","modified_gmt":"2026-04-25T07:17:43","slug":"wandern-oder-fahrradtour","status":"publish","type":"tribe_events","link":"https:\/\/buh-jesberg.de\/index.php\/veranstaltung\/wandern-oder-fahrradtour\/","title":{"rendered":"Wanderung"},"content":{"rendered":"\t\t<div data-elementor-type=\"tec_event_single_static\" data-elementor-id=\"8744\" class=\"elementor elementor-8744\" data-elementor-post-type=\"tribe_events\">\n\t\t\t\t\t\t<section class=\"elementor-section elementor-top-section elementor-element elementor-element-1167834b elementor-section-boxed elementor-section-height-default elementor-section-height-default\" data-id=\"1167834b\" data-element_type=\"section\" data-e-type=\"section\">\n\t\t\t\t\t\t<div class=\"elementor-container elementor-column-gap-default\">\n\t\t\t\t\t<div class=\"elementor-column elementor-col-100 elementor-top-column elementor-element elementor-element-c9e0fe\" data-id=\"c9e0fe\" data-element_type=\"column\" data-e-type=\"column\">\n\t\t\t<div class=\"elementor-widget-wrap elementor-element-populated\">\n\t\t\t\t\t\t<div class=\"elementor-element elementor-element-7347234c elementor-widget elementor-widget-text-editor\" data-id=\"7347234c\" data-element_type=\"widget\" data-e-type=\"widget\" data-widget_type=\"text-editor.default\">\n\t\t\t\t<div class=\"elementor-widget-container\">\n\t\t\t\t\t\t\t\t\t<p>Alle Wanderfreunde treffen sich um 10:oo Uhr am Wanderparkplatz an der Elnr\u00f6der Eiche.<\/p><p>Der Startpunkt ist der Wanderparkplatz an der Hohlen Eiche in Strang. Es wird drei unterschiedlich lange Wanderwege geben. Strecke 1 ist ca. 3,5 km, Strecke 2 ca. 4,8 km und Strecke 3 ca. 6,8 km lang. Die Entscheidung, welchen Wanderweg man nimmt hat aber Zeit, denn alle Wandergruppen werden gemeinsam zum Prinzessinnengarten wandern. Der Wanderweg geht gegen den Uhrzeigersinn durch das Goldbachtal bis zu Weggabelung Kanzelstra\u00dfe. Hier zweigen wir ab zur Kanzelstra\u00dfe. An der n\u00e4chsten Gabelung angekommen, wandern wir \u00fcber den Landsburgweg zum Prinzessinnengarten.<\/p><p>Hier angekommen, wird es dann eine F\u00fchrung geben, die den historischen Prinzessinnengarten beschreibt. Desweitern werden Sie erfahren, welche Baumbest\u00e4nde sich auf dieser Fl\u00e4che befinden. F\u00fcr den entstandenen Durst stehen verschiede Getr\u00e4nke bereit.<\/p><p>Nach der F\u00fchrung k\u00f6nnen sich die Wanderer f\u00fcr die Wanderstecke 1, 2 oder 3 entscheiden. Am Ziel angekommen fahren wir zur\u00fcck zur Burg Jesberg. Zur Mittagszeit lassen wir dann, in gem\u00fctlicher Runde, die Wanderung auf der Burg mit einem Imbiss und Getr\u00e4nken ausklingen.<\/p><p>Um sich zum Startpunkt navigieren zu lassen, klicken Sie auf\u00a0<a href=\"https:\/\/maps.app.goo.gl\/dMnMytcxrgC5NVYN8\">Startpunkt<\/a>.<\/p><p>Die verschiedenen Wanderwege finden Sie im Downloadbereich im Dokument Stang-PG-Strang.<\/p>\t\t\t\t\t\t\t\t<\/div>\n\t\t\t\t<\/div>\n\t\t\t\t\t<\/div>\n\t\t<\/div>\n\t\t\t\t\t<\/div>\n\t\t<\/section>\n\t\t\t\t<\/div>\n\t\t","protected":false},"excerpt":{"rendered":"<p>Alle Wanderfreunde treffen sich um 10:oo Uhr am Wanderparkplatz an der Elnr\u00f6der Eiche. Der Startpunkt ist der Wanderparkplatz an der Hohlen Eiche in Strang. Es wird drei unterschiedlich lange Wanderwege [&hellip;]<\/p>\n","protected":false},"author":2,"featured_media":0,"template":"","meta":{"_monsterinsights_skip_tracking":false,"_monsterinsights_sitenote_active":false,"_monsterinsights_sitenote_note":"","_monsterinsights_sitenote_category":0,"_tribe_events_status":"","_tribe_events_status_reason":"","footnotes":""},"tags":[],"tribe_events_cat":[],"class_list":["post-8744","tribe_events","type-tribe_events","status-publish","hentry"],"yoast_head":"<!-- This site is optimized with the Yoast SEO plugin v27.4 - https:\/\/yoast.com\/product\/yoast-seo-wordpress\/ -->\n<title>Wanderung - Burg und Heimatverein Jesberg e.V.<\/title>\n<meta name=\"robots\" content=\"index, follow, max-snippet:-1, max-image-preview:large, max-video-preview:-1\" \/>\n<link rel=\"canonical\" href=\"https:\/\/buh-jesberg.de\/index.php\/veranstaltung\/wandern-oder-fahrradtour\/\" \/>\n<meta property=\"og:locale\" content=\"de_DE\" \/>\n<meta property=\"og:type\" content=\"article\" \/>\n<meta property=\"og:title\" content=\"Wanderung - Burg und Heimatverein Jesberg e.V.\" \/>\n<meta property=\"og:description\" content=\"Alle Wanderfreunde treffen sich um 10:oo Uhr am Wanderparkplatz an der Elnr\u00f6der Eiche. Der Startpunkt ist der Wanderparkplatz an der Hohlen Eiche in Strang. Es wird drei unterschiedlich lange Wanderwege [&hellip;]\" \/>\n<meta property=\"og:url\" content=\"https:\/\/buh-jesberg.de\/index.php\/veranstaltung\/wandern-oder-fahrradtour\/\" \/>\n<meta property=\"og:site_name\" content=\"Burg und Heimatverein Jesberg e.V.\" \/>\n<meta property=\"article:modified_time\" content=\"2026-04-25T07:17:43+00:00\" \/>\n<meta name=\"twitter:card\" content=\"summary_large_image\" \/>\n<script type=\"application\/ld+json\" class=\"yoast-schema-graph\">{\"@context\":\"https:\\\/\\\/schema.org\",\"@graph\":[{\"@type\":\"WebPage\",\"@id\":\"https:\\\/\\\/buh-jesberg.de\\\/index.php\\\/veranstaltung\\\/wandern-oder-fahrradtour\\\/\",\"url\":\"https:\\\/\\\/buh-jesberg.de\\\/index.php\\\/veranstaltung\\\/wandern-oder-fahrradtour\\\/\",\"name\":\"Wanderung - Burg und Heimatverein Jesberg e.V.\",\"isPartOf\":{\"@id\":\"https:\\\/\\\/buh-jesberg.de\\\/#website\"},\"datePublished\":\"2025-11-27T16:08:28+00:00\",\"dateModified\":\"2026-04-25T07:17:43+00:00\",\"breadcrumb\":{\"@id\":\"https:\\\/\\\/buh-jesberg.de\\\/index.php\\\/veranstaltung\\\/wandern-oder-fahrradtour\\\/#breadcrumb\"},\"inLanguage\":\"de\",\"potentialAction\":[{\"@type\":\"ReadAction\",\"target\":[\"https:\\\/\\\/buh-jesberg.de\\\/index.php\\\/veranstaltung\\\/wandern-oder-fahrradtour\\\/\"]}]},{\"@type\":\"BreadcrumbList\",\"@id\":\"https:\\\/\\\/buh-jesberg.de\\\/index.php\\\/veranstaltung\\\/wandern-oder-fahrradtour\\\/#breadcrumb\",\"itemListElement\":[{\"@type\":\"ListItem\",\"position\":1,\"name\":\"Startseite\",\"item\":\"https:\\\/\\\/buh-jesberg.de\\\/\"},{\"@type\":\"ListItem\",\"position\":2,\"name\":\"Veranstaltungen\",\"item\":\"https:\\\/\\\/buh-jesberg.de\\\/index.php\\\/eventskalender\\\/\"},{\"@type\":\"ListItem\",\"position\":3,\"name\":\"Wanderung\"}]},{\"@type\":\"WebSite\",\"@id\":\"https:\\\/\\\/buh-jesberg.de\\\/#website\",\"url\":\"https:\\\/\\\/buh-jesberg.de\\\/\",\"name\":\"Burg und Heimatverein Jesberg e.V.\",\"description\":\"Gemeinn\u00fctziger Verein in Jesberg\",\"publisher\":{\"@id\":\"https:\\\/\\\/buh-jesberg.de\\\/#organization\"},\"potentialAction\":[{\"@type\":\"SearchAction\",\"target\":{\"@type\":\"EntryPoint\",\"urlTemplate\":\"https:\\\/\\\/buh-jesberg.de\\\/?s={search_term_string}\"},\"query-input\":{\"@type\":\"PropertyValueSpecification\",\"valueRequired\":true,\"valueName\":\"search_term_string\"}}],\"inLanguage\":\"de\"},{\"@type\":\"Organization\",\"@id\":\"https:\\\/\\\/buh-jesberg.de\\\/#organization\",\"name\":\"Burg und Heimatverein Jesberg e.V.\",\"url\":\"https:\\\/\\\/buh-jesberg.de\\\/\",\"logo\":{\"@type\":\"ImageObject\",\"inLanguage\":\"de\",\"@id\":\"https:\\\/\\\/buh-jesberg.de\\\/#\\\/schema\\\/logo\\\/image\\\/\",\"url\":\"https:\\\/\\\/buh-jesberg.de\\\/wp-content\\\/uploads\\\/2023\\\/01\\\/Website_Logo-e1674580236324.jpg\",\"contentUrl\":\"https:\\\/\\\/buh-jesberg.de\\\/wp-content\\\/uploads\\\/2023\\\/01\\\/Website_Logo-e1674580236324.jpg\",\"width\":500,\"height\":501,\"caption\":\"Burg und Heimatverein Jesberg e.V.\"},\"image\":{\"@id\":\"https:\\\/\\\/buh-jesberg.de\\\/#\\\/schema\\\/logo\\\/image\\\/\"}}]}<\/script>\n<!-- \/ Yoast SEO plugin. -->","yoast_head_json":{"title":"Wanderung - Burg und Heimatverein Jesberg e.V.","robots":{"index":"index","follow":"follow","max-snippet":"max-snippet:-1","max-image-preview":"max-image-preview:large","max-video-preview":"max-video-preview:-1"},"canonical":"https:\/\/buh-jesberg.de\/index.php\/veranstaltung\/wandern-oder-fahrradtour\/","og_locale":"de_DE","og_type":"article","og_title":"Wanderung - Burg und Heimatverein Jesberg e.V.","og_description":"Alle Wanderfreunde treffen sich um 10:oo Uhr am Wanderparkplatz an der Elnr\u00f6der Eiche. Der Startpunkt ist der Wanderparkplatz an der Hohlen Eiche in Strang. Es wird drei unterschiedlich lange Wanderwege [&hellip;]","og_url":"https:\/\/buh-jesberg.de\/index.php\/veranstaltung\/wandern-oder-fahrradtour\/","og_site_name":"Burg und Heimatverein Jesberg e.V.","article_modified_time":"2026-04-25T07:17:43+00:00","twitter_card":"summary_large_image","schema":{"@context":"https:\/\/schema.org","@graph":[{"@type":"WebPage","@id":"https:\/\/buh-jesberg.de\/index.php\/veranstaltung\/wandern-oder-fahrradtour\/","url":"https:\/\/buh-jesberg.de\/index.php\/veranstaltung\/wandern-oder-fahrradtour\/","name":"Wanderung - Burg und Heimatverein Jesberg e.V.","isPartOf":{"@id":"https:\/\/buh-jesberg.de\/#website"},"datePublished":"2025-11-27T16:08:28+00:00","dateModified":"2026-04-25T07:17:43+00:00","breadcrumb":{"@id":"https:\/\/buh-jesberg.de\/index.php\/veranstaltung\/wandern-oder-fahrradtour\/#breadcrumb"},"inLanguage":"de","potentialAction":[{"@type":"ReadAction","target":["https:\/\/buh-jesberg.de\/index.php\/veranstaltung\/wandern-oder-fahrradtour\/"]}]},{"@type":"BreadcrumbList","@id":"https:\/\/buh-jesberg.de\/index.php\/veranstaltung\/wandern-oder-fahrradtour\/#breadcrumb","itemListElement":[{"@type":"ListItem","position":1,"name":"Startseite","item":"https:\/\/buh-jesberg.de\/"},{"@type":"ListItem","position":2,"name":"Veranstaltungen","item":"https:\/\/buh-jesberg.de\/index.php\/eventskalender\/"},{"@type":"ListItem","position":3,"name":"Wanderung"}]},{"@type":"WebSite","@id":"https:\/\/buh-jesberg.de\/#website","url":"https:\/\/buh-jesberg.de\/","name":"Burg und Heimatverein Jesberg e.V.","description":"Gemeinn\u00fctziger Verein in Jesberg","publisher":{"@id":"https:\/\/buh-jesberg.de\/#organization"},"potentialAction":[{"@type":"SearchAction","target":{"@type":"EntryPoint","urlTemplate":"https:\/\/buh-jesberg.de\/?s={search_term_string}"},"query-input":{"@type":"PropertyValueSpecification","valueRequired":true,"valueName":"search_term_string"}}],"inLanguage":"de"},{"@type":"Organization","@id":"https:\/\/buh-jesberg.de\/#organization","name":"Burg und Heimatverein Jesberg e.V.","url":"https:\/\/buh-jesberg.de\/","logo":{"@type":"ImageObject","inLanguage":"de","@id":"https:\/\/buh-jesberg.de\/#\/schema\/logo\/image\/","url":"https:\/\/buh-jesberg.de\/wp-content\/uploads\/2023\/01\/Website_Logo-e1674580236324.jpg","contentUrl":"https:\/\/buh-jesberg.de\/wp-content\/uploads\/2023\/01\/Website_Logo-e1674580236324.jpg","width":500,"height":501,"caption":"Burg und Heimatverein Jesberg e.V."},"image":{"@id":"https:\/\/buh-jesberg.de\/#\/schema\/logo\/image\/"}}]}},"_links":{"self":[{"href":"https:\/\/buh-jesberg.de\/index.php\/wp-json\/wp\/v2\/tribe_events\/8744","targetHints":{"allow":["GET"]}}],"collection":[{"href":"https:\/\/buh-jesberg.de\/index.php\/wp-json\/wp\/v2\/tribe_events"}],"about":[{"href":"https:\/\/buh-jesberg.de\/index.php\/wp-json\/wp\/v2\/types\/tribe_events"}],"author":[{"embeddable":true,"href":"https:\/\/buh-jesberg.de\/index.php\/wp-json\/wp\/v2\/users\/2"}],"version-history":[{"count":40,"href":"https:\/\/buh-jesberg.de\/index.php\/wp-json\/wp\/v2\/tribe_events\/8744\/revisions"}],"predecessor-version":[{"id":9138,"href":"https:\/\/buh-jesberg.de\/index.php\/wp-json\/wp\/v2\/tribe_events\/8744\/revisions\/9138"}],"wp:attachment":[{"href":"https:\/\/buh-jesberg.de\/index.php\/wp-json\/wp\/v2\/media?parent=8744"}],"wp:term":[{"taxonomy":"post_tag","embeddable":true,"href":"https:\/\/buh-jesberg.de\/index.php\/wp-json\/wp\/v2\/tags?post=8744"},{"taxonomy":"tribe_events_cat","embeddable":true,"href":"https:\/\/buh-jesberg.de\/index.php\/wp-json\/wp\/v2\/tribe_events_cat?post=8744"}],"curies":[{"name":"wp","href":"https:\/\/api.w.org\/{rel}","templated":true}]}}

<div data-elementor-type="tec_event_single_static" data-elementor-id="8744" class="elementor elementor-8744" data-elementor-post-type="tribe_events">
						<section class="elementor-section elementor-top-section elementor-element elementor-element-1167834b elementor-section-boxed elementor-section-height-default elementor-section-height-default" data-id="1167834b" data-element_type="section" data-e-type="section">
						<div class="elementor-container elementor-column-gap-default">
					<div class="elementor-column elementor-col-100 elementor-top-column elementor-element elementor-element-c9e0fe" data-id="c9e0fe" data-element_type="column" data-e-type="column">
			<div class="elementor-widget-wrap elementor-element-populated">
						<div class="elementor-element elementor-element-7347234c elementor-widget elementor-widget-text-editor" data-id="7347234c" data-element_type="widget" data-e-type="widget" data-widget_type="text-editor.default">
				<div class="elementor-widget-container">
									<p>Alle Wanderfreunde treffen sich um 10:oo Uhr am Wanderparkplatz an der Elnröder Eiche.</p><p>Der Startpunkt ist der Wanderparkplatz an der Hohlen Eiche in Strang. Es wird drei unterschiedlich lange Wanderwege geben. Strecke 1 ist ca. 3,5 km, Strecke 2 ca. 4,8 km und Strecke 3 ca. 6,8 km lang. Die Entscheidung, welchen Wanderweg man nimmt hat aber Zeit, denn alle Wandergruppen werden gemeinsam zum Prinzessinnengarten wandern. Der Wanderweg geht gegen den Uhrzeigersinn durch das Goldbachtal bis zu Weggabelung Kanzelstraße. Hier zweigen wir ab zur Kanzelstraße. An der nächsten Gabelung angekommen, wandern wir über den Landsburgweg zum Prinzessinnengarten.</p><p>Hier angekommen, wird es dann eine Führung geben, die den historischen Prinzessinnengarten beschreibt. Desweitern werden Sie erfahren, welche Baumbestände sich auf dieser Fläche befinden. Für den entstandenen Durst stehen verschiede Getränke bereit.</p><p>Nach der Führung können sich die Wanderer für die Wanderstecke 1, 2 oder 3 entscheiden. Am Ziel angekommen fahren wir zurück zur Burg Jesberg. Zur Mittagszeit lassen wir dann, in gemütlicher Runde, die Wanderung auf der Burg mit einem Imbiss und Getränken ausklingen.</p><p>Um sich zum Startpunkt navigieren zu lassen, klicken Sie auf <a href="https://maps.app.goo.gl/dMnMytcxrgC5NVYN8">Startpunkt</a>.</p><p>Die verschiedenen Wanderwege finden Sie im Downloadbereich im Dokument Stang-PG-Strang.</p>								</div>
				</div>
					</div>
		</div>
					</div>
		</section>
				</div>

<p>Alle Wanderfreunde treffen sich um 10:oo Uhr am Wanderparkplatz an der Elnröder Eiche. Der Startpunkt ist der Wanderparkplatz an der Hohlen Eiche in Strang. Es wird drei unterschiedlich lange Wanderwege [&hellip;]</p>

<!-- This site is optimized with the Yoast SEO plugin v27.4 - https://yoast.com/product/yoast-seo-wordpress/ -->
<title>Wanderung - Burg und Heimatverein Jesberg e.V.</title>
<meta name="robots" content="index, follow, max-snippet:-1, max-image-preview:large, max-video-preview:-1" />
<link rel="canonical" href="https://buh-jesberg.de/index.php/veranstaltung/wandern-oder-fahrradtour/" />
<meta property="og:locale" content="de_DE" />
<meta property="og:type" content="article" />
<meta property="og:title" content="Wanderung - Burg und Heimatverein Jesberg e.V." />
<meta property="og:description" content="Alle Wanderfreunde treffen sich um 10:oo Uhr am Wanderparkplatz an der Elnröder Eiche. Der Startpunkt ist der Wanderparkplatz an der Hohlen Eiche in Strang. Es wird drei unterschiedlich lange Wanderwege [&hellip;]" />
<meta property="og:url" content="https://buh-jesberg.de/index.php/veranstaltung/wandern-oder-fahrradtour/" />
<meta property="og:site_name" content="Burg und Heimatverein Jesberg e.V." />
<meta property="article:modified_time" content="2026-04-25T07:17:43+00:00" />
<meta name="twitter:card" content="summary_large_image" />
<script type="application/ld+json" class="yoast-schema-graph">{"@context":"https:\/\/schema.org","@graph":[{"@type":"WebPage","@id":"https:\/\/buh-jesberg.de\/index.php\/veranstaltung\/wandern-oder-fahrradtour\/","url":"https:\/\/buh-jesberg.de\/index.php\/veranstaltung\/wandern-oder-fahrradtour\/","name":"Wanderung - Burg und Heimatverein Jesberg e.V.","isPartOf":{"@id":"https:\/\/buh-jesberg.de\/#website"},"datePublished":"2025-11-27T16:08:28+00:00","dateModified":"2026-04-25T07:17:43+00:00","breadcrumb":{"@id":"https:\/\/buh-jesberg.de\/index.php\/veranstaltung\/wandern-oder-fahrradtour\/#breadcrumb"},"inLanguage":"de","potentialAction":[{"@type":"ReadAction","target":["https:\/\/buh-jesberg.de\/index.php\/veranstaltung\/wandern-oder-fahrradtour\/"]}]},{"@type":"BreadcrumbList","@id":"https:\/\/buh-jesberg.de\/index.php\/veranstaltung\/wandern-oder-fahrradtour\/#breadcrumb","itemListElement":[{"@type":"ListItem","position":1,"name":"Startseite","item":"https:\/\/buh-jesberg.de\/"},{"@type":"ListItem","position":2,"name":"Veranstaltungen","item":"https:\/\/buh-jesberg.de\/index.php\/eventskalender\/"},{"@type":"ListItem","position":3,"name":"Wanderung"}]},{"@type":"WebSite","@id":"https:\/\/buh-jesberg.de\/#website","url":"https:\/\/buh-jesberg.de\/","name":"Burg und Heimatverein Jesberg e.V.","description":"Gemeinnütziger Verein in Jesberg","publisher":{"@id":"https:\/\/buh-jesberg.de\/#organization"},"potentialAction":[{"@type":"SearchAction","target":{"@type":"EntryPoint","urlTemplate":"https:\/\/buh-jesberg.de\/?s={search_term_string}"},"query-input":{"@type":"PropertyValueSpecification","valueRequired":true,"valueName":"search_term_string"}}],"inLanguage":"de"},{"@type":"Organization","@id":"https:\/\/buh-jesberg.de\/#organization","name":"Burg und Heimatverein Jesberg e.V.","url":"https:\/\/buh-jesberg.de\/","logo":{"@type":"ImageObject","inLanguage":"de","@id":"https:\/\/buh-jesberg.de\/#\/schema\/logo\/image\/","url":"https:\/\/buh-jesberg.de\/wp-content\/uploads\/2023\/01\/Website_Logo-e1674580236324.jpg","contentUrl":"https:\/\/buh-jesberg.de\/wp-content\/uploads\/2023\/01\/Website_Logo-e1674580236324.jpg","width":500,"height":501,"caption":"Burg und Heimatverein Jesberg e.V."},"image":{"@id":"https:\/\/buh-jesberg.de\/#\/schema\/logo\/image\/"}}]}</script>
<!-- / Yoast SEO plugin. -->

Alle Wanderfreunde treffen sich um 10:oo Uhr am Wanderparkplatz an der Elnröder Eiche. Der Startpunkt ist der Wanderparkplatz an der Hohlen Eiche in Strang. Es wird drei unterschiedlich lange Wanderwege [&hellip;]

Gemeinnütziger Verein in Jesberg
